{"id":122,"date":"2017-07-05T15:17:17","date_gmt":"2017-07-05T13:17:17","guid":{"rendered":"https:\/\/sprememba.si\/SiSQ-Spirits\/?page_id=122"},"modified":"2021-01-25T14:38:40","modified_gmt":"2021-01-25T13:38:40","slug":"enoteka-mozirje-sisq-spirits","status":"publish","type":"page","link":"https:\/\/sprememba.si\/SiSQ-Spirits\/enoteka-mozirje-sisq-spirits\/","title":{"rendered":"Enoteka Mozirje"},"content":{"rendered":"<p>\u017delimo vam\u00a0pribli\u017eati kulturo pitja in jih izobra\u017eevati na podro\u010dju pitja vin, piva, \u017eganih pija\u010d in kave ter ponuditi raznovrstno kulinariko primerno k izbrani pija\u010di, ki je skoraj ni mogo\u010de najti pri nas.<\/p>\n<p>Izbor vrhunskih slovenskih vin s poudarkom na avtohtono de\u017eelo \u0160tajerska-Slovenija in Vipavsko dolino, izbor slovenskega buti\u010dnega piva in buti\u010dnih slovenskih ginov. Podpiramo kvalitetno lokalno!<\/p>\n","protected":false},"excerpt":{"rendered":"<p>\u017delimo vam\u00a0pribli\u017eati kulturo pitja in jih izobra\u017eevati na podro\u010dju pitja vin, piva, \u017eganih pija\u010d in kave ter ponuditi raznovrstno kulinariko primerno k izbrani pija\u010di, ki je skoraj ni mogo\u010de najti [&hellip;]<\/p>\n","protected":false},"author":1,"featured_media":0,"parent":0,"menu_order":0,"comment_status":"closed","ping_status":"closed","template":"template-home.php","meta":{"_price":"","_stock":"","_tribe_ticket_header":"","_tribe_default_ticket_provider":"","_tribe_ticket_capacity":"0","_ticket_start_date":"","_ticket_end_date":"","_tribe_ticket_show_description":"","_tribe_ticket_show_not_going":false,"_tribe_ticket_use_global_stock":"","_tribe_ticket_global_stock_level":"","_global_stock_mode":"","_global_stock_cap":"","_tribe_rsvp_for_event":"","_tribe_ticket_going_count":"","_tribe_ticket_not_going_count":"","_tribe_tickets_list":"[]","_tribe_ticket_has_attendee_info_fields":false,"jetpack_post_was_ever_published":false,"footnotes":"","_tec_slr_enabled":"","_tec_slr_layout":""},"class_list":["post-122","page","type-page","status-publish","hentry"],"jetpack_sharing_enabled":true,"jetpack_shortlink":"https:\/\/wp.me\/P8Squ7-1Y","jetpack_likes_enabled":true,"ticketed":false,"_links":{"self":[{"href":"https:\/\/sprememba.si\/SiSQ-Spirits\/wp-json\/wp\/v2\/pages\/122","targetHints":{"allow":["GET"]}}],"collection":[{"href":"https:\/\/sprememba.si\/SiSQ-Spirits\/wp-json\/wp\/v2\/pages"}],"about":[{"href":"https:\/\/sprememba.si\/SiSQ-Spirits\/wp-json\/wp\/v2\/types\/page"}],"author":[{"embeddable":true,"href":"https:\/\/sprememba.si\/SiSQ-Spirits\/wp-json\/wp\/v2\/users\/1"}],"replies":[{"embeddable":true,"href":"https:\/\/sprememba.si\/SiSQ-Spirits\/wp-json\/wp\/v2\/comments?post=122"}],"version-history":[{"count":0,"href":"https:\/\/sprememba.si\/SiSQ-Spirits\/wp-json\/wp\/v2\/pages\/122\/revisions"}],"wp:attachment":[{"href":"https:\/\/sprememba.si\/SiSQ-Spirits\/wp-json\/wp\/v2\/media?parent=122"}],"curies":[{"name":"wp","href":"https:\/\/api.w.org\/{rel}","templated":true}]}}