{"id":14250,"date":"2020-05-08T09:54:51","date_gmt":"2020-05-08T07:54:51","guid":{"rendered":"https:\/\/sprememba.si\/SiSQ-Spirits\/?page_id=14250"},"modified":"2020-05-08T10:08:15","modified_gmt":"2020-05-08T08:08:15","slug":"prijava-na-e-novice-spletna-enoteka-mozirje","status":"publish","type":"page","link":"https:\/\/sprememba.si\/SiSQ-Spirits\/prijava-na-e-novice-spletna-enoteka-mozirje\/","title":{"rendered":"Prijava na e-novice Spletna enoteka Mozirje"},"content":{"rendered":"<style type=\"text\/css\">\n\t#mc_embed_signup{background:#fff; clear:left; font:14px Helvetica,Arial,sans-serif; }<br \/>\t\/* Add your own Mailchimp form style overrides in your site stylesheet or in this style block.<br \/>\t   We recommend moving this block and the preceding CSS link to the HEAD of your HTML file. *\/<br \/><\/style>\n<style type=\"text\/css\">\n\t#mc-embedded-subscribe-form input[type=checkbox]{display: inline; width: auto;margin-right: 10px;}<br \/>\t#mergeRow-gdpr {margin-top: 20px;}<br \/>\t#mergeRow-gdpr fieldset label {font-weight: normal;}<br \/>\t#mc-embedded-subscribe-form .mc_fieldset{border:none;min-height: 0px;padding-bottom:0px;}<br \/><\/style>\n<div id=\"mc_embed_signup\">\n<form id=\"mc-embedded-subscribe-form\" class=\"validate\" action=\"https:\/\/SiSQSpirits.us2.list-manage.com\/subscribe\/post?u=72cac669ca70dda175e1afa40&amp;id=cd81f3219f\" method=\"post\" name=\"mc-embedded-subscribe-form\" novalidate=\"\" target=\"_blank\">\n<div id=\"mc_embed_signup_scroll\">\n<h2>Prijava na e-novice<\/h2>\n<div class=\"indicates-required\"><span class=\"asterisk\">*<\/span> potrebno izpolniti<\/div>\n<div><\/div>\n<div class=\"mc-field-group\"><label for=\"mce-EMAIL\">Email <span class=\"asterisk\">*<\/span><br \/>\n<\/label><br \/>\n<input id=\"mce-EMAIL\" class=\"required email\" name=\"EMAIL\" type=\"email\" value=\"\" \/><\/div>\n<div class=\"mc-field-group\"><label for=\"mce-FNAME\">Ime <\/label><br \/>\n<input id=\"mce-FNAME\" class=\"\" name=\"FNAME\" type=\"text\" value=\"\" \/><\/div>\n<p><span style=\"color: #ff0000;\"><strong><a style=\"color: #ff0000;\" title=\"View previous campaigns\" href=\"https:\/\/us2.campaign-archive.com\/home\/?u=72cac669ca70dda175e1afa40&amp;id=cd81f3219f\" target=\"_blank\" rel=\"noopener\">Poglej arhiv novic.<\/a><\/strong><\/span><\/p>\n<div id=\"mergeRow-gdpr\" class=\"mergeRow gdpr-mergeRow content__gdprBlock mc-field-group\">\n<div class=\"content__gdpr\">\n<p><label>Dovoljenje za E-Marketing<\/label><br \/>\n<label>S posredovanjem svojega elektronskega naslova sogla\u0161am, da ga bo Spletna Enoteka Mozirje lahko uporabljala za namene obve\u0161\u010danja o novostih zavoda, po\u0161iljanju vabil in marketin\u0161kih vsebin. S klikom spodaj se potrdi soglasje:<\/label><\/p>\n<fieldset class=\"mc_fieldset gdprRequired mc-field-group\" name=\"interestgroup_field\"><label class=\"checkbox subfield\" for=\"gdpr_97\"><input id=\"gdpr_97\" class=\"av-checkbox gdpr\" name=\"gdpr[97]\" type=\"checkbox\" value=\"Y\" \/>POTRDITEV SOGLASJA <\/label><\/fieldset>\n<p>Zavod Sprememba bo kot lastnik Spletne enoteke Mozirje SiSQSpirits elektronske naslove skrbno varoval v skladu z zakonom, ki ureja varstvo osebnih podatkov. Seznanjen-a sem, da se lahko iz sistema sporo\u010dil kadarkoli izpi\u0161em in sicer tako, da v poslanem elektronskem sporo\u010dilu kliknem na ODJAVA<\/p>\n<\/div>\n<div class=\"content__gdprLegal\">\n<p>We use Mailchimp as our marketing platform. By clicking below to subscribe, you acknowledge that your information will be transferred to Mailchimp for processing. <a href=\"https:\/\/mailchimp.com\/legal\/\" target=\"_blank\" rel=\"noopener noreferrer\">Learn more about Mailchimp&#8217;s privacy practices here.<\/a><\/p>\n<\/div>\n<\/div>\n<div id=\"mce-responses\" class=\"clear\">\n<div id=\"mce-error-response\" class=\"response\" style=\"display: none;\"><\/div>\n<div id=\"mce-success-response\" class=\"response\" style=\"display: none;\"><\/div>\n<\/div>\n<p><!-- real people should not fill this in and expect good things - do not remove this or risk form bot signups--><\/p>\n<div style=\"position: absolute; left: -5000px;\" aria-hidden=\"true\"><input tabindex=\"-1\" name=\"b_72cac669ca70dda175e1afa40_cd81f3219f\" type=\"text\" value=\"\" \/><\/div>\n<div class=\"clear\"><input id=\"mc-embedded-subscribe\" class=\"button\" name=\"Subscribe\" type=\"submit\" value=\"PRIJAVA\" \/><\/div>\n<\/div>\n<\/form>\n<\/div>\n<p><script type='text\/javascript' src='\/\/s3.amazonaws.com\/downloads.mailchimp.com\/js\/mc-validate.js'><\/script><script type='text\/javascript'>(function($) {window.fnames = new Array(); window.ftypes = new Array();fnames[0]='EMAIL';ftypes[0]='email';fnames[1]='FNAME';ftypes[1]='text'; \/*\n * Translated default messages for the $ validation plugin.\n * Language: SL\n *\/\n$.extend($.validator.messages, {\n\trequired: \"To polje je obvezno.\",\n\tremote: \"Prosimo popravite to polje.\",\n\temail: \"Prosimo vnesite veljaven email naslov.\",\n\turl: \"Prosimo vnesite veljaven URL naslov.\",\n\tdate: \"Prosimo vnesite veljaven datum.\",\n\tdateISO: \"Prosimo vnesite veljaven ISO datum.\",\n\tnumber: \"Prosimo vnesite veljavno \u0161tevilo.\",\n\tdigits: \"Prosimo vnesite samo \u0161tevila.\",\n\tcreditcard: \"Prosimo vnesite veljavno \u0161tevilko kreditne kartice.\",\n\tequalTo: \"Prosimo ponovno vnesite vrednost.\",\n\taccept: \"Prosimo vnesite vrednost z veljavno kon\u010dnico.\",\n\tmaxlength: $.validator.format(\"Prosimo vnesite najve\u010d {0} znakov.\"),\n\tminlength: $.validator.format(\"Prosimo vnesite najmanj {0} znakov.\"),\n\trangelength: $.validator.format(\"Prosimo vnesite najmanj {0} in najve\u010d {1} znakov.\"),\n\trange: $.validator.format(\"Prosimo vnesite vrednost med {0} in {1}.\"),\n\tmax: $.validator.format(\"Prosimo vnesite vrednost manj\u0161e ali enako {0}.\"),\n\tmin: $.validator.format(\"Prosimo vnesite vrednost ve\u010dje ali enako {0}.\")\n});}(jQuery));var $mcj = jQuery.noConflict(true);<\/script><br \/>\n<!--End mc_embed_signup--><\/p>\n","protected":false},"excerpt":{"rendered":"<p>Prijava na e-novice * potrebno izpolniti Email * Ime Poglej arhiv novic. Dovoljenje za E-Marketing S posredovanjem svojega elektronskega naslova sogla\u0161am, da ga bo Spletna Enoteka Mozirje lahko uporabljala za [&hellip;]<\/p>\n","protected":false},"author":1,"featured_media":0,"parent":0,"menu_order":0,"comment_status":"closed","ping_status":"closed","template":"","meta":{"_price":"","_stock":"","_tribe_ticket_header":"","_tribe_default_ticket_provider":"","_tribe_ticket_capacity":"0","_ticket_start_date":"","_ticket_end_date":"","_tribe_ticket_show_description":"","_tribe_ticket_show_not_going":false,"_tribe_ticket_use_global_stock":"","_tribe_ticket_global_stock_level":"","_global_stock_mode":"","_global_stock_cap":"","_tribe_rsvp_for_event":"","_tribe_ticket_going_count":"","_tribe_ticket_not_going_count":"","_tribe_tickets_list":"[]","_tribe_ticket_has_attendee_info_fields":false,"jetpack_post_was_ever_published":false,"footnotes":"","_tec_slr_enabled":"","_tec_slr_layout":""},"class_list":["post-14250","page","type-page","status-publish","hentry"],"jetpack_sharing_enabled":true,"jetpack_shortlink":"https:\/\/wp.me\/P8Squ7-3HQ","jetpack_likes_enabled":true,"ticketed":false,"_links":{"self":[{"href":"https:\/\/sprememba.si\/SiSQ-Spirits\/wp-json\/wp\/v2\/pages\/14250","targetHints":{"allow":["GET"]}}],"collection":[{"href":"https:\/\/sprememba.si\/SiSQ-Spirits\/wp-json\/wp\/v2\/pages"}],"about":[{"href":"https:\/\/sprememba.si\/SiSQ-Spirits\/wp-json\/wp\/v2\/types\/page"}],"author":[{"embeddable":true,"href":"https:\/\/sprememba.si\/SiSQ-Spirits\/wp-json\/wp\/v2\/users\/1"}],"replies":[{"embeddable":true,"href":"https:\/\/sprememba.si\/SiSQ-Spirits\/wp-json\/wp\/v2\/comments?post=14250"}],"version-history":[{"count":0,"href":"https:\/\/sprememba.si\/SiSQ-Spirits\/wp-json\/wp\/v2\/pages\/14250\/revisions"}],"wp:attachment":[{"href":"https:\/\/sprememba.si\/SiSQ-Spirits\/wp-json\/wp\/v2\/media?parent=14250"}],"curies":[{"name":"wp","href":"https:\/\/api.w.org\/{rel}","templated":true}]}}