{"id":16954,"date":"2025-02-15T13:42:57","date_gmt":"2025-02-15T12:42:57","guid":{"rendered":"https:\/\/sprememba.si\/SiSQ-Spirits\/?page_id=16954"},"modified":"2025-08-18T13:46:54","modified_gmt":"2025-08-18T11:46:54","slug":"showroom-sprememba-dobrodosli-enoteka-mozirje","status":"publish","type":"page","link":"https:\/\/sprememba.si\/SiSQ-Spirits\/showroom-sprememba-dobrodosli-enoteka-mozirje\/","title":{"rendered":"Showroom Sprememba"},"content":{"rendered":"\n<p class=\"has-medium-font-size\">Pripravite se na spremembo v va\u0161em do\u017eivetju pija\u010de!<\/p>\n\n\n\n<p>Pripravite   se   na   popolno   spremembo   v   na\u0161em   showroomu!   Od   zdaj   naprej   boste   do\u017eiveli   edinstveno   in   osve\u017eujo\u010de   okolje,   ki   vas   bo   navdu\u0161ilo.   Obi\u0161\u010dite   nas   in   se   prepri\u010dajte   sami!<\/p>\n\n\n\n<p><br>Dobrodo\u0161li v<strong> Showroom Sprememba<\/strong>, kjer je vsak trenutek namenjen u\u017eivanju in dru\u017eenju. Na\u0161e intimno okolje je idealno za pare ali manj\u0161e skupine do 8 oseb, ki \u017eelijo pre\u017eiveti kakovosten \u010das ob izbranih pija\u010dah. V poletnem \u010dasu pa tudi ve\u010dje skupine.<\/p>\n\n\n\n<p><\/p>\n\n\n\n<h2 class=\"wp-block-heading\">DEGUSTACIJE<\/h2>\n\n\n\n<details class=\"wp-block-details is-layout-flow wp-block-details-is-layout-flow\"><summary><strong>Skrivnosti slovenskih ginov<\/strong><\/summary>\n<p>Odkrijte \u010dar slovenskih ginov, ki nimajo dolge tradicije. Pridru\u017eite se nam na potovanju skozi svet aromati\u010dnih ginov, kjer boste spoznali razli\u010dne okuse in skrivnosti njihove izdelave. V na\u0161i degustaciji boste odkrili bogat spekter okusov, od citrusnih do zeli\u0161\u010dnih, vse ob odli\u010dnem abmientu in zabavnem vzdu\u0161ju. Idealno za pare, ki \u017eelijo pre\u017eiveti romanti\u010den ve\u010der ali skupine prijateljic, ki i\u0161\u010dejo nekaj posebnega in spoznati zgodbe, ki stojijo za vsakim kozarcem.<\/p>\n\n\n\n<details class=\"wp-block-details is-layout-flow wp-block-details-is-layout-flow\"><summary>Slovenska vinska zgodba<\/summary>\n<p>Vinski raj za vse ljubitelje vina! Prepustite se u\u017eitkom ob oku\u0161anju najbolj\u0161ih slovenskih vin. Na\u0161 somelier vas bo popeljal skozi zgodbo vsakega vina; od vinogradov do kozarca. Vsakega vinarja in njegove vinograde pozna osebno. Popolna izbira za tiste, ki \u017eelijo poglobiti svoje vinsko znanje in spoznati vinsko kulturo, ki se prena\u0161a iz roda v rod.<\/p>\n<\/details>\n<\/details>\n\n\n\n<details class=\"wp-block-details is-layout-flow wp-block-details-is-layout-flow\"><summary><strong>Slovenska vinska zgodba<\/strong><\/summary>\n<p>Vinski raj za vse ljubitelje vina! Prepustite se u\u017eitkom ob oku\u0161anju najbolj\u0161ih slovenskih vin. Na\u0161 somelier vas bo popeljal skozi zgodbo vsakega vina; od vinogradov do kozarca. Vsakega vinarja in njegove vinograde pozna osebno. Popolna izbira za tiste, ki \u017eelijo poglobiti svoje vinsko znanje in spoznati vinsko kulturo, ki se prena\u0161a iz roda v rod.<\/p>\n\n\n\n<details class=\"wp-block-details is-layout-flow wp-block-details-is-layout-flow\"><summary><\/summary>\n<p><\/p>\n<\/details>\n<\/details>\n\n\n\n<details class=\"wp-block-details is-layout-flow wp-block-details-is-layout-flow\"><summary><strong>\u017dganje z du\u0161o: zeli\u0161\u010da in njihova mo\u010d<\/strong><\/summary>\n<p><em>Degustacija zeli\u0161\u010dnih in sadnih \u017eganj.<\/em><br><em>\u017dganje z du\u0161o; naravni okusi v kozarcu! Odkrijte bogastvo okusov zeli\u0161\u010dnih \u017eganj, ki so narejena iz najbolj\u0161ih naravnih sestavin. Idealno za pare, ki \u017eelijo preizkusiti nekaj posebnega, ali skupine, ki i\u0161\u010dejo edinstveno in okusno izku\u0161njo.<\/em><\/p>\n<\/details>\n\n\n\n<details class=\"wp-block-details is-layout-flow wp-block-details-is-layout-flow\"><summary><strong>Vino in \u010dokolada Lucifer: popolna kombinacija<\/strong><\/summary>\n<p>Odkrijte harmonijo okusov! Pridru\u017eite se nam na eksluzivni degustaciji, kjer bomo zdru\u017eili najbolj\u0161a slvoenska vina z vrhunsko \u010dokolado lokalnega izdelovalca \u010dokolad Lucifer. Na\u0161 sommelier vas bo popeljal skozi \u010darobno potovanje, kjer boste spoznali, kako se okusi vina in \u010dokolade prepletajo in dopolnjujejo. Vsak kozarec vina bo skrbno izbran, da se popolnoma ujema z izbrano \u010dokolado, kar bo ustaviro nepozabno izku\u0161njo za va\u0161e brbon\u010dice. <br>Idealno za pare, ki i\u0161\u010dejo romanti\u010den ve\u010der ali skupino prijateljev, ki \u017eelijo do\u017eiveti nekaj posebnega.<\/p>\n<\/details>\n\n\n\n<details class=\"wp-block-details is-layout-flow wp-block-details-is-layout-flow\"><summary><strong>Eksoti\u010dni okusi Karibov z Barcelo rumi<\/strong><\/summary>\n<p>Eksoti\u010dni Eksoti\u010dni okusi Karibov! Za vse, ki ljubijo bat in popoln okus ruma, bo ta degustacija prava izbira. Pridru\u017eite se nam na ekskluzivni degustaciji ruma Barcelo, kjer boste odkrili bogate in kompleksne okuse tega presti\u017enega ruma iz dominikanske republike.<br>Barcelo rumi so znani po svoji vrhunski kakovosti in unikatnem procesu zorenja, ki jim daje edinstcven karakter. Idealno za tiste, ki \u017eelijo do\u017eiveti nekaj novega in vznemirljivega.okusi Karibov z Barcelo rumi<\/p>\n<\/details>\n\n\n\n<details class=\"wp-block-details is-layout-flow wp-block-details-is-layout-flow\"><summary><strong>Ginovska bitka znanja<\/strong><\/summary>\n<p>Zabavni kviz na temo gina! Preizkusite svoje znanje o ginu! Sodelujte v zabavnem kvizu, kjer boste lahko pokazali svoje poznavanje ginov in se hkrati zabavali. Popolna prilo\u017enost za pare, ki \u017eelijo preizkusiti svoje znanje, ali skupine, ki i\u0161\u010dejo interaktivno in zabavno izku\u0161njo. Nagrada za zmagovalca\/zmagovalno ekipo!<\/p>\n\n\n\n<p><\/p>\n<\/details>\n\n\n\n<details class=\"wp-block-details is-layout-flow wp-block-details-is-layout-flow\"><summary><strong>Vinska bitka znanja<\/strong><\/summary>\n<p>Zabavni kviz na temo vina. Ste pravi vinski poznavalec? Pridru\u017eite se na\u0161emu kvizu in preverite svoje znanje o vinih. Zabavna in pou\u010dna izku\u0161nja, ki je kot nala\u0161\u010d za pare, ki \u017eelijo preizkusiti svoje vinsko znanje, ali skupine, ki i\u0161\u010dejo nekaj novega in zanimivega. Nagrada za zmagovalca\/zmagovalno ekipo.<\/p>\n\n\n\n<p><\/p>\n<\/details>\n\n\n\n<details class=\"wp-block-details is-layout-flow wp-block-details-is-layout-flow\"><summary><strong>Okusi Zgornje savinjske doline<\/strong><\/summary>\n<p>Degustacija Zgornje savinjskega \u017eelodca in kombiniranje z brezalkoholnimi in alkoholnimi pija\u010dami.<br>Odkrijte bogastvo okusov Zgornje Savinjske doline! Pridru\u017eite se nam na ekskluzivni degustaciji, kjer bomo zdru\u017eili vrhunsko lokalno specialiteto, Zgornje savinjski \u017eelodec, s skrbno izbranimi pija\u010dami. Na\u0161 sommelier vas bo popeljal skozi \u010darobno potovanje okusov, kjer boste spoznali, kako se \u017eelodec odli\u010dno ujema z razli\u010dnimi pija\u010dami, od osve\u017eilnega jabol\u010dnika, prefinjenih vin do \u017eganih pija\u010d.<\/p>\n\n\n\n<p><\/p>\n<\/details>\n\n\n\n<p><\/p>\n\n\n\n<p>V prijetnem in spro\u0161\u010denem vzdu\u0161ju vam bomo pomagali najti va\u0161o najljub\u0161o pija\u010do, ki bo popolnoma ustrezala va\u0161emu okusu. Na\u0161i degustacijski meniji vklju\u010dujejo lokalne specialitete, kot so narezki Zgornje Savinjskega \u017eelodca in doma\u010dega sira, ki bodo zadovoljili tudi najbolj zahtevne gurmane.<\/p>\n\n\n\n<p><\/p>\n\n\n\n<p>Za rezervacijo prostora v Showroom Sprememba za degustacijo s hrano je potrebna predhodna prijava vsaj 2 dni vnaprej. Za ostale degustacije predhodna rezervacija ni potrebna. Rezervacijo lahko opravite preko na\u0161e spletne strani ali nas kontaktirate neposredno.<\/p>\n\n\n\n<p class=\"has-medium-font-size\"><strong>Enoteka Mozirje \u2013 kjer se vsak kozar\u010dek spremeni v nepozabno do\u017eivetje<\/strong>.<\/p>\n\n\n\n<p><\/p>\n","protected":false},"excerpt":{"rendered":"<p>Pripravite se na spremembo v va\u0161em do\u017eivetju pija\u010de! Pripravite se na popolno spremembo v na\u0161em showroomu! Od zdaj naprej boste do\u017eiveli edinstveno in osve\u017eujo\u010de okolje, ki vas bo navdu\u0161ilo. Obi\u0161\u010dite [&hellip;]<\/p>\n","protected":false},"author":1,"featured_media":17001,"parent":0,"menu_order":0,"comment_status":"closed","ping_status":"closed","template":"","meta":{"_price":"","_stock":"","_tribe_ticket_header":"","_tribe_default_ticket_provider":"","_tribe_ticket_capacity":"0","_ticket_start_date":"","_ticket_end_date":"","_tribe_ticket_show_description":"","_tribe_ticket_show_not_going":false,"_tribe_ticket_use_global_stock":"","_tribe_ticket_global_stock_level":"","_global_stock_mode":"","_global_stock_cap":"","_tribe_rsvp_for_event":"","_tribe_ticket_going_count":"","_tribe_ticket_not_going_count":"","_tribe_tickets_list":"[]","_tribe_ticket_has_attendee_info_fields":false,"jetpack_post_was_ever_published":false,"footnotes":"","_tec_slr_enabled":"","_tec_slr_layout":""},"class_list":["post-16954","page","type-page","status-publish","has-post-thumbnail","hentry"],"jetpack_sharing_enabled":true,"jetpack_shortlink":"https:\/\/wp.me\/P8Squ7-4ps","jetpack_likes_enabled":true,"ticketed":false,"_links":{"self":[{"href":"https:\/\/sprememba.si\/SiSQ-Spirits\/wp-json\/wp\/v2\/pages\/16954","targetHints":{"allow":["GET"]}}],"collection":[{"href":"https:\/\/sprememba.si\/SiSQ-Spirits\/wp-json\/wp\/v2\/pages"}],"about":[{"href":"https:\/\/sprememba.si\/SiSQ-Spirits\/wp-json\/wp\/v2\/types\/page"}],"author":[{"embeddable":true,"href":"https:\/\/sprememba.si\/SiSQ-Spirits\/wp-json\/wp\/v2\/users\/1"}],"replies":[{"embeddable":true,"href":"https:\/\/sprememba.si\/SiSQ-Spirits\/wp-json\/wp\/v2\/comments?post=16954"}],"version-history":[{"count":21,"href":"https:\/\/sprememba.si\/SiSQ-Spirits\/wp-json\/wp\/v2\/pages\/16954\/revisions"}],"predecessor-version":[{"id":17304,"href":"https:\/\/sprememba.si\/SiSQ-Spirits\/wp-json\/wp\/v2\/pages\/16954\/revisions\/17304"}],"wp:featuredmedia":[{"embeddable":true,"href":"https:\/\/sprememba.si\/SiSQ-Spirits\/wp-json\/wp\/v2\/media\/17001"}],"wp:attachment":[{"href":"https:\/\/sprememba.si\/SiSQ-Spirits\/wp-json\/wp\/v2\/media?parent=16954"}],"curies":[{"name":"wp","href":"https:\/\/api.w.org\/{rel}","templated":true}]}}