{"id":754,"date":"2018-08-23T07:24:13","date_gmt":"2018-08-23T05:24:13","guid":{"rendered":"https:\/\/sprememba.si\/SiSQ-Spirits\/?page_id=754"},"modified":"2024-07-09T14:25:09","modified_gmt":"2024-07-09T12:25:09","slug":"sbf-savinja-beer-fest","status":"publish","type":"page","link":"https:\/\/sprememba.si\/SiSQ-Spirits\/sbf-savinja-beer-fest\/","title":{"rendered":"Savinja Beer Fest: Pregled letnih dogodkov z vrhunsko pija\u010do, kulinariko in zanimivostmi"},"content":{"rendered":"<p><strong>Savinja Beer Fest<\/strong><br \/>\nje tradicionalna prireditev, ki se je prijela lokalno, med turisti, ogromno pa jih pride tudi od drugod. \u00a0Termin je vedno druga sobota v septembru. Gre za mirno prireditev, kjer je najpomembnej\u0161e, da se lahko vsak pogovori z mikropivovarjem in izve kaj ve\u010d o izdelavi piva \u2013 v stilu vinskih prireditev, saj imamo v ekipi tudi sommelierja in WSET certificiranca.<\/p>\n<p>Prireditev je blizu znanega Mozirskega gaja ob Savinji na Sejmi\u0161\u010du, kjer so ogromni divji kostanji, ki dajejo naravno senco na prireditvi.<\/p>\n<p>Leto 2024<\/p>\n<p>Tokrat smo se povezali \u0161e drugim kulinari\u010dnim dogodkom v Zgornje savinsjki dolini \u0160trukljifest, ki so predstavili tradicionalno slovensko jed \u0161trukelj, ponuja pa so posebne prelive, ki so dopolnjevali piva in gine. Tokrat je izvrstne burgerje pekel \u0161e en udele\u017eenec Masterchef-a Klemen Lampi\u010d.<\/p>\n<h4>Leto 2023<\/h4>\n<p>Rekordno \u0161tevilo pivovarjev in destilarjev, ki so predstavljali svoja lastna craft piva in craft gine.<\/p>\n<h3>Leto 2022<\/h3>\n<p>Po dveh letih premora se je zdelo kot nov za\u010detek festivala. Tokrat prvi\u010d kar trije lokalni ponudniki hrane iz Mozirja; Food Park z burgerji, Mozirska ko\u010da s ponudbo na \u017elico in doma\u010d \u0161trudelj ter vaflji.<\/p>\n<h3><strong>Leto 2020 in 2021<\/strong><\/h3>\n<p>termin po posvetu s turisti\u010dnimi ponudniki v dolini prestavljen na prvo soboto v juliju, a festival odpade zaradi pandemije.<\/p>\n<h3><strong>Leto 2019<\/strong><\/h3>\n<p>Mrzel in de\u017eeven september je prinesel prestavitev na tretjo septembrsko soboto. Kljub neugodnemu vremenu je pri\u0161lo veliko ljudi iz Zgornje in Spodnje Savinjske doline. Poleg 10 craft pivovarn je predstavljenih \u0161e 5 najbolj\u0161ih slovenskih craft destilarn gina.<\/p>\n<h2><strong>Leto 2018<\/strong><\/h2>\n<p>Vro\u010da poletna druga sobota v septembru je pritegnila okoli 100 ljudi. Tokrat smo prvi\u010d poleg craft piva ponudili tudi craft gine slovenskih in tujih, ki so v ponudbi Enoteke Mozirje.<\/p>\n<h2><strong>Leto 2017<\/strong><\/h2>\n<p>Druga sobota v septembru je bil znova Savinja Beer Fest. To\u010dili smo 10 piv slovenskih mikropivovarjev in 2 tuja piva \u2013 \u010de\u0161ko in avstrijsko. Pri\u0161le so skoraj vse mikropivovarne iz bli\u017enje okolice in nekatere najbolj\u0161e slovenske pivovarne. Svoj debi na festivalih je pri nas do\u017eivela mikropivovarna iz Kamnika, ki slovi po svojih odli\u010dnih kislih pivih \u2013 Barut Brewing and Blending.<\/p>\n<h2><strong>Leto 2016<\/strong><\/h2>\n<p>Tudi v Mozirju dobili dogodek z vrhunsko pija\u010do in kulinariko. Svoja piva je promoviralo 12 pivovarn z 22 vrst piva iz Slovenije, Avstrije, Srbije in \u010ce\u0161ke. Predstavili smo druga\u010dno kulinariko kot smo je vajeni v SA\u0160A regiji, pa seveda ne smemo pozabiti prave tur\u0161ke kave in izvedbo predavanja o cigarah. Pohvale za izvedbo smo dobili tudi s strani svetovne sive eminence na podro\u010dju \u017eganic in vina Majde Debevc. Obisk lanskoletne prireditve je presegel vsa pri\u010dakovanja, saj jih je pri\u0161lo okoli 1.000 ljudi vseh generacij.<\/p>\n","protected":false},"excerpt":{"rendered":"<p>Savinja Beer Fest je tradicionalna prireditev, ki se je prijela lokalno, med turisti, ogromno pa jih pride tudi od drugod. \u00a0Termin je vedno druga sobota v septembru. Gre za mirno [&hellip;]<\/p>\n","protected":false},"author":1,"featured_media":0,"parent":0,"menu_order":0,"comment_status":"closed","ping_status":"closed","template":"","meta":{"_price":"","_stock":"","_tribe_ticket_header":"","_tribe_default_ticket_provider":"","_tribe_ticket_capacity":"0","_ticket_start_date":"","_ticket_end_date":"","_tribe_ticket_show_description":"","_tribe_ticket_show_not_going":false,"_tribe_ticket_use_global_stock":"","_tribe_ticket_global_stock_level":"","_global_stock_mode":"","_global_stock_cap":"","_tribe_rsvp_for_event":"","_tribe_ticket_going_count":"","_tribe_ticket_not_going_count":"","_tribe_tickets_list":"[]","_tribe_ticket_has_attendee_info_fields":false,"jetpack_post_was_ever_published":false,"footnotes":"","_tec_slr_enabled":"","_tec_slr_layout":""},"class_list":["post-754","page","type-page","status-publish","hentry"],"jetpack_sharing_enabled":true,"jetpack_shortlink":"https:\/\/wp.me\/P8Squ7-ca","jetpack_likes_enabled":true,"ticketed":false,"_links":{"self":[{"href":"https:\/\/sprememba.si\/SiSQ-Spirits\/wp-json\/wp\/v2\/pages\/754","targetHints":{"allow":["GET"]}}],"collection":[{"href":"https:\/\/sprememba.si\/SiSQ-Spirits\/wp-json\/wp\/v2\/pages"}],"about":[{"href":"https:\/\/sprememba.si\/SiSQ-Spirits\/wp-json\/wp\/v2\/types\/page"}],"author":[{"embeddable":true,"href":"https:\/\/sprememba.si\/SiSQ-Spirits\/wp-json\/wp\/v2\/users\/1"}],"replies":[{"embeddable":true,"href":"https:\/\/sprememba.si\/SiSQ-Spirits\/wp-json\/wp\/v2\/comments?post=754"}],"version-history":[{"count":2,"href":"https:\/\/sprememba.si\/SiSQ-Spirits\/wp-json\/wp\/v2\/pages\/754\/revisions"}],"predecessor-version":[{"id":16698,"href":"https:\/\/sprememba.si\/SiSQ-Spirits\/wp-json\/wp\/v2\/pages\/754\/revisions\/16698"}],"wp:attachment":[{"href":"https:\/\/sprememba.si\/SiSQ-Spirits\/wp-json\/wp\/v2\/media?parent=754"}],"curies":[{"name":"wp","href":"https:\/\/api.w.org\/{rel}","templated":true}]}}