{"id":10148,"date":"2019-11-25T22:18:44","date_gmt":"2019-11-25T21:18:44","guid":{"rendered":"https:\/\/sprememba.si\/SiSQ-Spirits\/?post_type=product&#038;p=10148"},"modified":"2023-02-19T23:00:56","modified_gmt":"2023-02-19T22:00:56","slug":"polaris-kozarec","status":"publish","type":"product","link":"https:\/\/sprememba.si\/SiSQ-Spirits\/trgovina\/polaris-kozarec\/","title":{"rendered":"Polaris kozarec Hrastnik 1860 komplet"},"content":{"rendered":"<p>Podobno kot ledeni diamanti tudi geometri\u010dno razporejene ploskve kozarca POLARIS odbijajo in lomijo svetlobo ter ustvarjajo izjemno opti\u010dno do\u017eivetje. Ta je rezultat izredne \u010distosti stekla Steklarne Hrastnik.<\/p>\n<p>Oblika in bogata zunanja struktura kozarca nudita izjemno uporabni\u0161ko izku\u0161njo. Polaris se subtilno prilagaja vsem sodobnim ambientom. Je opazen, prefinjen in dovr\u0161en, primeren za razli\u010dne vrste koktajlov in osve\u017eilnih napitkov.<\/p>\n<p>Zadnji kompleti, saj Steklarna Hrastnik ne dela ve\u010d kozarcev, le \u0161e steklenice.<\/p>\n","protected":false},"excerpt":{"rendered":"<p>Polaris kozarec je slovenski kozarec namenjen u\u017eivanju v pitju gin tonika. Plod slovenskega znanja in izdelave v Steklarni Hrastnik 1860.<strong> V kompletu so 4 kozarci.<\/strong><\/p>\n","protected":false},"featured_media":13056,"template":"","meta":{"_price":"12.90","_stock":"0","_tribe_ticket_header":"","_tribe_default_ticket_provider":"","_tribe_ticket_capacity":"61","_ticket_start_date":"","_ticket_end_date":"","_tribe_ticket_show_description":"","_tribe_ticket_show_not_going":false,"_tribe_ticket_use_global_stock":"","_tribe_ticket_global_stock_level":"","_global_stock_mode":"","_global_stock_cap":"","_tribe_rsvp_for_event":"","_tribe_ticket_going_count":"","_tribe_ticket_not_going_count":"","_tribe_tickets_list":"[]","_tribe_ticket_has_attendee_info_fields":false,"jetpack_post_was_ever_published":false,"_tec_slr_enabled":"","_tec_slr_layout":""},"pwb-brand":[1653],"product_brand":[],"product_cat":[551,372,2668],"product_tag":[1754,1752],"class_list":{"0":"post-10148","1":"product","2":"type-product","3":"status-publish","4":"has-post-thumbnail","6":"pwb-brand-steklarna-hrastnik-1860","7":"product_cat-darilni-kompleti","8":"product_cat-drugo","9":"product_cat-kozarci","10":"product_tag-kozarec","11":"product_tag-polaris","12":"wcpa_has_options","14":"first","15":"outofstock","16":"shipping-taxable","17":"purchasable","18":"product-type-simple"},"supplier_id":null,"supplier_sku":"","atum_controlled":true,"out_stock_date":"2022-06-28 08:20:25","out_stock_threshold":null,"inheritable":false,"inbound_stock":0,"stock_on_hold":5,"sold_today":0,"sales_last_days":0,"reserved_stock":0,"customer_returns":0,"warehouse_damage":0,"lost_in_post":0,"other_logs":0,"out_stock_days":1388,"lost_sales":5115,"has_location":false,"update_date":"2026-04-17T00:13:51","atum_locations":[],"atum_stock_status":"outofstock","restock_status":false,"low_stock_amount":"","sales_update_date":"2026-04-17T00:13:51","calc_backorders":null,"jetpack_sharing_enabled":true,"jetpack_likes_enabled":true,"brands":[{"id":1653,"name":"Steklarna Hrastnik 1860","slug":"steklarna-hrastnik-1860"}],"_links":{"self":[{"href":"https:\/\/sprememba.si\/SiSQ-Spirits\/wp-json\/wp\/v2\/product\/10148","targetHints":{"allow":["GET"]}}],"collection":[{"href":"https:\/\/sprememba.si\/SiSQ-Spirits\/wp-json\/wp\/v2\/product"}],"about":[{"href":"https:\/\/sprememba.si\/SiSQ-Spirits\/wp-json\/wp\/v2\/types\/product"}],"wp:featuredmedia":[{"embeddable":true,"href":"https:\/\/sprememba.si\/SiSQ-Spirits\/wp-json\/wp\/v2\/media\/13056"}],"wp:attachment":[{"href":"https:\/\/sprememba.si\/SiSQ-Spirits\/wp-json\/wp\/v2\/media?parent=10148"}],"wp:term":[{"taxonomy":"pwb-brand","embeddable":true,"href":"https:\/\/sprememba.si\/SiSQ-Spirits\/wp-json\/wp\/v2\/pwb-brand?post=10148"},{"taxonomy":"product_brand","embeddable":true,"href":"https:\/\/sprememba.si\/SiSQ-Spirits\/wp-json\/wp\/v2\/product_brand?post=10148"},{"taxonomy":"product_cat","embeddable":true,"href":"https:\/\/sprememba.si\/SiSQ-Spirits\/wp-json\/wp\/v2\/product_cat?post=10148"},{"taxonomy":"product_tag","embeddable":true,"href":"https:\/\/sprememba.si\/SiSQ-Spirits\/wp-json\/wp\/v2\/product_tag?post=10148"}],"curies":[{"name":"wp","href":"https:\/\/api.w.org\/{rel}","templated":true}]}}