{"id":1089,"date":"2019-04-14T15:20:05","date_gmt":"2019-04-14T13:20:05","guid":{"rendered":"https:\/\/sprememba.si\/SiSQ-Spirits\/?post_type=product&#038;p=1089"},"modified":"2025-11-12T19:44:37","modified_gmt":"2025-11-12T18:44:37","slug":"hoppy-tonik","status":"publish","type":"product","link":"https:\/\/sprememba.si\/SiSQ-Spirits\/trgovina\/hoppy-tonik\/","title":{"rendered":"Hoppy tonik"},"content":{"rendered":"<p>Slovenski tonik iz Pivovarne Pelicon v sodelovanju z ajdovsko destilarno Bratinov, kjer imajo enega najbolj\u0161ih slovenskih ginov <a href=\"https:\/\/sprememba.si\/SiSQ-Spirits\/trgovina\/bratinov-gin\/\" target=\"_blank\" rel=\"noopener noreferrer\">Bratinov gin #3<\/a>.<\/p>\n<p>Odli\u010den premium tonik je osve\u017eilna brezalkoholna pija\u010da iz naravnih sestavin z notami agrumov. Tonik je narejen z naravnim kininom in esenco pomaran\u010de, njegova posebnost pa je dodatek aromati\u010dnega hmelja citra.<\/p>\n<p>Hoppy tonic je ustvarjen tako, da iz \u0161irokega nabora \u017eganic izvabi sve\u017ee in sadne arome. Odli\u010dna samostojna pija\u010da, ohlajena na osem stopinj Celzija ali v koktajlu, na primer d\u017ein toniku.<\/p>\n","protected":false},"excerpt":{"rendered":"<p>Slovenski tonik iz Pivovarne Pelicon v sodelovanju z ajdovsko destilarno Bratinov, kjer imajo enega najbolj\u0161ih slovenskih ginov Bratinov gin #3. Odli\u010den premium tonik je osve\u017eilna brezalkoholna pija\u010da iz naravnih sestavin [&hellip;]<\/p>\n","protected":false},"featured_media":1090,"template":"","meta":{"_price":"1.55","_stock":"-35","_tribe_ticket_header":"","_tribe_default_ticket_provider":"","_tribe_ticket_capacity":"82","_ticket_start_date":"","_ticket_end_date":"","_tribe_ticket_show_description":"","_tribe_ticket_show_not_going":false,"_tribe_ticket_use_global_stock":"","_tribe_ticket_global_stock_level":"","_global_stock_mode":"","_global_stock_cap":"","_tribe_rsvp_for_event":"","_tribe_ticket_going_count":"","_tribe_ticket_not_going_count":"","_tribe_tickets_list":"[]","_tribe_ticket_has_attendee_info_fields":false,"jetpack_post_was_ever_published":false,"_tec_slr_enabled":"","_tec_slr_layout":""},"pwb-brand":[150],"product_brand":[],"product_cat":[2002,372],"product_tag":[665,664],"class_list":{"0":"post-1089","1":"product","2":"type-product","3":"status-publish","4":"has-post-thumbnail","6":"pwb-brand-pivovarna-pelicon","7":"product_cat-brezalkoholna-pijaca","8":"product_cat-drugo","9":"product_tag-pelicon","10":"product_tag-tonik","12":"first","13":"outofstock","14":"shipping-taxable","15":"purchasable","16":"product-type-simple"},"supplier_id":16304,"supplier_sku":"","atum_controlled":true,"out_stock_date":null,"out_stock_threshold":null,"inheritable":false,"inbound_stock":0,"stock_on_hold":0,"sold_today":0,"sales_last_days":0,"reserved_stock":0,"customer_returns":0,"warehouse_damage":0,"lost_in_post":0,"other_logs":0,"out_stock_days":0,"lost_sales":0,"has_location":false,"update_date":"2026-04-17T00:13:52","atum_locations":[],"atum_stock_status":"outofstock","restock_status":false,"low_stock_amount":6,"sales_update_date":"2026-04-17T00:13:52","calc_backorders":null,"jetpack_sharing_enabled":true,"jetpack_likes_enabled":true,"brands":[{"id":150,"name":"Pivovarna Pelicon","slug":"pivovarna-pelicon"}],"_links":{"self":[{"href":"https:\/\/sprememba.si\/SiSQ-Spirits\/wp-json\/wp\/v2\/product\/1089","targetHints":{"allow":["GET"]}}],"collection":[{"href":"https:\/\/sprememba.si\/SiSQ-Spirits\/wp-json\/wp\/v2\/product"}],"about":[{"href":"https:\/\/sprememba.si\/SiSQ-Spirits\/wp-json\/wp\/v2\/types\/product"}],"wp:featuredmedia":[{"embeddable":true,"href":"https:\/\/sprememba.si\/SiSQ-Spirits\/wp-json\/wp\/v2\/media\/1090"}],"wp:attachment":[{"href":"https:\/\/sprememba.si\/SiSQ-Spirits\/wp-json\/wp\/v2\/media?parent=1089"}],"wp:term":[{"taxonomy":"pwb-brand","embeddable":true,"href":"https:\/\/sprememba.si\/SiSQ-Spirits\/wp-json\/wp\/v2\/pwb-brand?post=1089"},{"taxonomy":"product_brand","embeddable":true,"href":"https:\/\/sprememba.si\/SiSQ-Spirits\/wp-json\/wp\/v2\/product_brand?post=1089"},{"taxonomy":"product_cat","embeddable":true,"href":"https:\/\/sprememba.si\/SiSQ-Spirits\/wp-json\/wp\/v2\/product_cat?post=1089"},{"taxonomy":"product_tag","embeddable":true,"href":"https:\/\/sprememba.si\/SiSQ-Spirits\/wp-json\/wp\/v2\/product_tag?post=1089"}],"curies":[{"name":"wp","href":"https:\/\/api.w.org\/{rel}","templated":true}]}}