{"id":14221,"date":"2020-04-30T23:52:03","date_gmt":"2020-04-30T21:52:03","guid":{"rendered":"https:\/\/sprememba.si\/SiSQ-Spirits\/?post_type=product&#038;p=14221"},"modified":"2023-01-31T09:21:55","modified_gmt":"2023-01-31T08:21:55","slug":"edinburgh-gin-seaside","status":"publish","type":"product","link":"https:\/\/sprememba.si\/SiSQ-Spirits\/trgovina\/edinburgh-gin-seaside\/","title":{"rendered":"Edinburgh Gin Seaside"},"content":{"rendered":"<p>Edinburgh Gin Seaside je v sodelovanju z Heriot-Watt Univerzo pivovarstva in destiliranja. Uporabili so botaniko z morske obale East Coast Edinburgh; talni br\u0161ljan, morsko travo in alge ter navadno \u017eli\u010dnico, kar daje ginu morski okus. Temu je dodan \u0161e koriander in kardamom.<\/p>\n<p>Fino uravnote\u017een gin z mo\u010dnim vonjem po brinovih jagodah, s sve\u017eo sladkostjo na nosu, mehko slanostjo in zeli\u0161\u010dnimi notami ter \u010distim zaklju\u010dkom.<\/p>\n<p>&nbsp;<\/p>\n<p>Odli\u010den kot G &amp;T okra\u0161en z limono ali rde\u010do grenivko, v morskem martiniju z olivami.<\/p>\n<p><img data-recalc-dims=\"1\" loading=\"lazy\" decoding=\"async\" data-attachment-id=\"14222\" data-permalink=\"https:\/\/sprememba.si\/SiSQ-Spirits\/?attachment_id=14222\" data-orig-file=\"https:\/\/i0.wp.com\/sprememba.si\/SiSQ-Spirits\/wp-content\/uploads\/2020\/04\/IWSC-Silver-GT-edinburgh-seaside.png?fit=93%2C100&amp;ssl=1\" data-orig-size=\"93,100\" data-comments-opened=\"0\" data-image-meta=\"{&quot;aperture&quot;:&quot;0&quot;,&quot;credit&quot;:&quot;&quot;,&quot;camera&quot;:&quot;&quot;,&quot;caption&quot;:&quot;&quot;,&quot;created_timestamp&quot;:&quot;0&quot;,&quot;copyright&quot;:&quot;&quot;,&quot;focal_length&quot;:&quot;0&quot;,&quot;iso&quot;:&quot;0&quot;,&quot;shutter_speed&quot;:&quot;0&quot;,&quot;title&quot;:&quot;&quot;,&quot;orientation&quot;:&quot;0&quot;}\" data-image-title=\"IWSC-Silver-GT-edinburgh-seaside\" data-image-description=\"\" data-image-caption=\"&lt;p&gt;iwsc silver edinburgh seaside&lt;\/p&gt;\n\" data-large-file=\"https:\/\/i0.wp.com\/sprememba.si\/SiSQ-Spirits\/wp-content\/uploads\/2020\/04\/IWSC-Silver-GT-edinburgh-seaside.png?fit=93%2C100&amp;ssl=1\" class=\"size-full wp-image-14222\" src=\"https:\/\/i0.wp.com\/sprememba.si\/SiSQ-Spirits\/wp-content\/uploads\/2020\/04\/IWSC-Silver-GT-edinburgh-seaside.png?resize=93%2C100&#038;ssl=1\" alt=\"\" width=\"93\" height=\"100\" title=\"\"><\/p>\n<p>&nbsp;<\/p>\n<p><img data-recalc-dims=\"1\" loading=\"lazy\" decoding=\"async\" data-attachment-id=\"14224\" data-permalink=\"https:\/\/sprememba.si\/SiSQ-Spirits\/?attachment_id=14224\" data-orig-file=\"https:\/\/i0.wp.com\/sprememba.si\/SiSQ-Spirits\/wp-content\/uploads\/2020\/04\/iwsc-silver-award-edinburgh-gin-seaside.png?fit=100%2C100&amp;ssl=1\" data-orig-size=\"100,100\" data-comments-opened=\"0\" data-image-meta=\"{&quot;aperture&quot;:&quot;0&quot;,&quot;credit&quot;:&quot;&quot;,&quot;camera&quot;:&quot;&quot;,&quot;caption&quot;:&quot;&quot;,&quot;created_timestamp&quot;:&quot;0&quot;,&quot;copyright&quot;:&quot;&quot;,&quot;focal_length&quot;:&quot;0&quot;,&quot;iso&quot;:&quot;0&quot;,&quot;shutter_speed&quot;:&quot;0&quot;,&quot;title&quot;:&quot;&quot;,&quot;orientation&quot;:&quot;0&quot;}\" data-image-title=\"iwsc-silver-award-edinburgh-gin-seaside\" data-image-description=\"\" data-image-caption=\"&lt;p&gt;iwsc silver edinburgh seaside&lt;\/p&gt;\n\" data-large-file=\"https:\/\/i0.wp.com\/sprememba.si\/SiSQ-Spirits\/wp-content\/uploads\/2020\/04\/iwsc-silver-award-edinburgh-gin-seaside.png?fit=100%2C100&amp;ssl=1\" class=\" wp-image-14224 alignleft\" src=\"https:\/\/i0.wp.com\/sprememba.si\/SiSQ-Spirits\/wp-content\/uploads\/2020\/04\/iwsc-silver-award-edinburgh-gin-seaside.png?resize=75%2C75&#038;ssl=1\" alt=\"\" width=\"75\" height=\"75\" title=\"\"><\/p>\n<p>&nbsp;<\/p>\n<p>&nbsp;<\/p>\n<p>&nbsp;<\/p>\n<p>&nbsp;<\/p>\n<p><img data-recalc-dims=\"1\" loading=\"lazy\" decoding=\"async\" data-attachment-id=\"14223\" data-permalink=\"https:\/\/sprememba.si\/SiSQ-Spirits\/?attachment_id=14223\" data-orig-file=\"https:\/\/i0.wp.com\/sprememba.si\/SiSQ-Spirits\/wp-content\/uploads\/2020\/04\/Gold-Award-Packaging-edinbourgh-seaside.png?fit=78%2C100&amp;ssl=1\" data-orig-size=\"78,100\" data-comments-opened=\"0\" data-image-meta=\"{&quot;aperture&quot;:&quot;0&quot;,&quot;credit&quot;:&quot;&quot;,&quot;camera&quot;:&quot;&quot;,&quot;caption&quot;:&quot;&quot;,&quot;created_timestamp&quot;:&quot;0&quot;,&quot;copyright&quot;:&quot;&quot;,&quot;focal_length&quot;:&quot;0&quot;,&quot;iso&quot;:&quot;0&quot;,&quot;shutter_speed&quot;:&quot;0&quot;,&quot;title&quot;:&quot;&quot;,&quot;orientation&quot;:&quot;0&quot;}\" data-image-title=\"Gold-Award-Packaging-edinbourgh-seaside\" data-image-description=\"\" data-image-caption=\"&lt;p&gt;iwsc gold seaside&lt;\/p&gt;\n\" data-large-file=\"https:\/\/i0.wp.com\/sprememba.si\/SiSQ-Spirits\/wp-content\/uploads\/2020\/04\/Gold-Award-Packaging-edinbourgh-seaside.png?fit=78%2C100&amp;ssl=1\" class=\"size-full wp-image-14223 alignleft\" src=\"https:\/\/i0.wp.com\/sprememba.si\/SiSQ-Spirits\/wp-content\/uploads\/2020\/04\/Gold-Award-Packaging-edinbourgh-seaside.png?resize=78%2C100&#038;ssl=1\" alt=\"\" width=\"78\" height=\"100\" title=\"\"><\/p>\n<p>&nbsp;<\/p>\n<p>&nbsp;<\/p>\n","protected":false},"excerpt":{"rendered":"<p>Edinburgh Gin Seaside je posebna omejena serija navdihnjena z vzhodno morsko obalo Edinburgha. Rahlo slan okus.<\/p>\n","protected":false},"featured_media":14225,"template":"","meta":{"_uag_custom_page_level_css":"","_price":"35.50","_stock":"0","_tribe_ticket_header":"","_tribe_default_ticket_provider":"","_tribe_ticket_capacity":"1","_ticket_start_date":"","_ticket_end_date":"","_tribe_ticket_show_description":"","_tribe_ticket_show_not_going":false,"_tribe_ticket_use_global_stock":"","_tribe_ticket_global_stock_level":"","_global_stock_mode":"","_global_stock_cap":"","_tribe_rsvp_for_event":"","_tribe_ticket_going_count":"","_tribe_ticket_not_going_count":"","_tribe_tickets_list":"[]","_tribe_ticket_has_attendee_info_fields":false,"jetpack_post_was_ever_published":false,"_tec_slr_enabled":"","_tec_slr_layout":""},"pwb-brand":[1676],"product_brand":[],"product_cat":[1620,865,1216],"product_tag":[],"class_list":{"0":"post-14221","1":"product","2":"type-product","3":"status-publish","4":"has-post-thumbnail","6":"pwb-brand-edinburgh-gin-destilarna","7":"product_cat-destilati","8":"product_cat-gin","9":"product_cat-tuj-gin","11":"first","12":"outofstock","13":"shipping-taxable","14":"purchasable","15":"product-type-simple"},"supplier_id":null,"supplier_sku":"","atum_controlled":true,"out_stock_date":"2021-07-16 07:54:31","out_stock_threshold":null,"inheritable":false,"inbound_stock":0,"stock_on_hold":0,"sold_today":0,"sales_last_days":0,"reserved_stock":0,"customer_returns":0,"warehouse_damage":0,"lost_in_post":0,"other_logs":0,"out_stock_days":1755,"lost_sales":0,"has_location":false,"update_date":"2026-05-07T01:57:13","atum_locations":[],"atum_stock_status":"outofstock","restock_status":false,"low_stock_amount":0,"sales_update_date":"2026-05-07T01:57:13","calc_backorders":null,"uagb_featured_image_src":{"full":["https:\/\/i0.wp.com\/sprememba.si\/SiSQ-Spirits\/wp-content\/uploads\/2020\/04\/edinburgh-gin-seaside-enoteka-mozirje.jpg?fit=600%2C600&ssl=1",600,600,false],"thumbnail":["https:\/\/i0.wp.com\/sprememba.si\/SiSQ-Spirits\/wp-content\/uploads\/2020\/04\/edinburgh-gin-seaside-enoteka-mozirje.jpg?resize=150%2C150&ssl=1",150,150,true],"medium":["https:\/\/i0.wp.com\/sprememba.si\/SiSQ-Spirits\/wp-content\/uploads\/2020\/04\/edinburgh-gin-seaside-enoteka-mozirje.jpg?fit=300%2C300&ssl=1",300,300,true],"medium_large":["https:\/\/i0.wp.com\/sprememba.si\/SiSQ-Spirits\/wp-content\/uploads\/2020\/04\/edinburgh-gin-seaside-enoteka-mozirje.jpg?fit=600%2C600&ssl=1",600,600,true],"large":["https:\/\/i0.wp.com\/sprememba.si\/SiSQ-Spirits\/wp-content\/uploads\/2020\/04\/edinburgh-gin-seaside-enoteka-mozirje.jpg?fit=600%2C600&ssl=1",600,600,true],"1536x1536":["https:\/\/i0.wp.com\/sprememba.si\/SiSQ-Spirits\/wp-content\/uploads\/2020\/04\/edinburgh-gin-seaside-enoteka-mozirje.jpg?fit=600%2C600&ssl=1",600,600,true],"2048x2048":["https:\/\/i0.wp.com\/sprememba.si\/SiSQ-Spirits\/wp-content\/uploads\/2020\/04\/edinburgh-gin-seaside-enoteka-mozirje.jpg?fit=600%2C600&ssl=1",600,600,true],"woocommerce_thumbnail":["https:\/\/i0.wp.com\/sprememba.si\/SiSQ-Spirits\/wp-content\/uploads\/2020\/04\/edinburgh-gin-seaside-enoteka-mozirje.jpg?resize=324%2C324&ssl=1",324,324,true],"woocommerce_single":["https:\/\/i0.wp.com\/sprememba.si\/SiSQ-Spirits\/wp-content\/uploads\/2020\/04\/edinburgh-gin-seaside-enoteka-mozirje.jpg?fit=416%2C416&ssl=1",416,416,true],"woocommerce_gallery_thumbnail":["https:\/\/i0.wp.com\/sprememba.si\/SiSQ-Spirits\/wp-content\/uploads\/2020\/04\/edinburgh-gin-seaside-enoteka-mozirje.jpg?resize=100%2C100&ssl=1",100,100,true],"variation_swatches_image_size":["https:\/\/i0.wp.com\/sprememba.si\/SiSQ-Spirits\/wp-content\/uploads\/2020\/04\/edinburgh-gin-seaside-enoteka-mozirje.jpg?resize=50%2C50&ssl=1",50,50,true],"variation_swatches_tooltip_size":["https:\/\/i0.wp.com\/sprememba.si\/SiSQ-Spirits\/wp-content\/uploads\/2020\/04\/edinburgh-gin-seaside-enoteka-mozirje.jpg?resize=100%2C100&ssl=1",100,100,true]},"uagb_author_info":{"display_name":"SiSQSpirits","author_link":"https:\/\/sprememba.si\/SiSQ-Spirits\/author\/"},"uagb_comment_info":0,"uagb_excerpt":"Edinburgh Gin Seaside je posebna omejena serija navdihnjena z vzhodno morsko obalo Edinburgha. Rahlo slan okus.","jetpack_sharing_enabled":true,"jetpack_likes_enabled":true,"brands":[{"id":1676,"name":"Edinburgh Gin destilarna","slug":"edinburgh-gin-destilarna"}],"_links":{"self":[{"href":"https:\/\/sprememba.si\/SiSQ-Spirits\/wp-json\/wp\/v2\/product\/14221","targetHints":{"allow":["GET"]}}],"collection":[{"href":"https:\/\/sprememba.si\/SiSQ-Spirits\/wp-json\/wp\/v2\/product"}],"about":[{"href":"https:\/\/sprememba.si\/SiSQ-Spirits\/wp-json\/wp\/v2\/types\/product"}],"wp:featuredmedia":[{"embeddable":true,"href":"https:\/\/sprememba.si\/SiSQ-Spirits\/wp-json\/wp\/v2\/media\/14225"}],"wp:attachment":[{"href":"https:\/\/sprememba.si\/SiSQ-Spirits\/wp-json\/wp\/v2\/media?parent=14221"}],"wp:term":[{"taxonomy":"pwb-brand","embeddable":true,"href":"https:\/\/sprememba.si\/SiSQ-Spirits\/wp-json\/wp\/v2\/pwb-brand?post=14221"},{"taxonomy":"product_brand","embeddable":true,"href":"https:\/\/sprememba.si\/SiSQ-Spirits\/wp-json\/wp\/v2\/product_brand?post=14221"},{"taxonomy":"product_cat","embeddable":true,"href":"https:\/\/sprememba.si\/SiSQ-Spirits\/wp-json\/wp\/v2\/product_cat?post=14221"},{"taxonomy":"product_tag","embeddable":true,"href":"https:\/\/sprememba.si\/SiSQ-Spirits\/wp-json\/wp\/v2\/product_tag?post=14221"}],"curies":[{"name":"wp","href":"https:\/\/api.w.org\/{rel}","templated":true}]}}