{"id":14271,"date":"2020-05-13T21:07:32","date_gmt":"2020-05-13T19:07:32","guid":{"rendered":"https:\/\/sprememba.si\/SiSQ-Spirits\/?post_type=product&#038;p=14271"},"modified":"2024-03-26T21:31:13","modified_gmt":"2024-03-26T20:31:13","slug":"broken-bones-old-tom","status":"publish","type":"product","link":"https:\/\/sprememba.si\/SiSQ-Spirits\/trgovina\/broken-bones-old-tom\/","title":{"rendered":"Broken bones Old Tom"},"content":{"rendered":"<p>Broken Bones Old Tom Gin je sve\u017e in eteri\u010den brinov gin, ki mu dajeta edinstven zna\u010daj preplet tradicionalnega na\u010dina izdelave in zna\u010dilnosti slovenske de\u017eele.<\/p>\n<p>Za osnovo uporabljajo recepturo ve\u010dkrat nagrajenega <a href=\"https:\/\/sprememba.si\/SiSQ-Spirits\/trgovina\/broken-bones-gin\/\" target=\"_blank\" rel=\"noopener noreferrer\">London Dry Gina<\/a>, ki vklju\u010duje izbrane brinove in \u0161ipkove jagode s Krasa, zdru\u017eene s koriandrom, limonino lupino, kardamomom, sladkim korenom, lipovimi cvetovi in drugimi tradicionalnimi zeli\u0161\u010di. Po destilaciji ginu dodajo <strong>slovenski lipov med<\/strong>, ki mu doda aromati\u010dno sladkost.<\/p>\n<p>Ker \u017eelijo ohraniti poln okus uporabljenih sestavin, gin ni hladno filtriran. Ker to lahko pomeni, da v steklenici nastane usedlina iz medu, steklenico pred uporabo pretresite.<\/p>\n<p>&nbsp;<\/p>\n","protected":false},"excerpt":{"rendered":"<p>Broken Bones Old Tom Gin je sve\u017e in eteri\u010den brinov gin, ki mu dajeta edinstven zna\u010daj preplet tradicionalnega na\u010dina izdelave in zna\u010dilnosti slovenske de\u017eele. Za osnovo uporabljajo recepturo ve\u010dkrat nagrajenega [&hellip;]<\/p>\n","protected":false},"featured_media":14272,"template":"","meta":{"_price":"39.90","_stock":"","_tribe_ticket_header":"","_tribe_default_ticket_provider":"","_tribe_ticket_capacity":"3","_ticket_start_date":"","_ticket_end_date":"","_tribe_ticket_show_description":"","_tribe_ticket_show_not_going":false,"_tribe_ticket_use_global_stock":"","_tribe_ticket_global_stock_level":"","_global_stock_mode":"","_global_stock_cap":"","_tribe_rsvp_for_event":"","_tribe_ticket_going_count":"","_tribe_ticket_not_going_count":"","_tribe_tickets_list":"[]","_tribe_ticket_has_attendee_info_fields":false,"jetpack_post_was_ever_published":false,"_tec_slr_enabled":"","_tec_slr_layout":""},"pwb-brand":[536],"product_brand":[],"product_cat":[1239,1620,865],"product_tag":[],"class_list":{"0":"post-14271","1":"product","2":"type-product","3":"status-publish","4":"has-post-thumbnail","6":"pwb-brand-destilarna-broken-bones","7":"product_cat-slovenski-gin","8":"product_cat-destilati","9":"product_cat-gin","11":"first","12":"outofstock","13":"shipping-taxable","14":"purchasable","15":"product-type-simple"},"supplier_id":null,"supplier_sku":"","atum_controlled":true,"out_stock_date":"2023-09-19 11:56:53","out_stock_threshold":null,"inheritable":false,"inbound_stock":0,"stock_on_hold":0,"sold_today":0,"sales_last_days":0,"reserved_stock":0,"customer_returns":0,"warehouse_damage":0,"lost_in_post":0,"other_logs":0,"out_stock_days":946,"lost_sales":0,"has_location":false,"update_date":"2026-04-23T00:33:40","atum_locations":[],"atum_stock_status":"outofstock","restock_status":false,"low_stock_amount":"","sales_update_date":"2026-04-23T00:33:40","calc_backorders":null,"jetpack_sharing_enabled":true,"jetpack_likes_enabled":true,"brands":[{"id":536,"name":"Destilarna Broken Bones","slug":"destilarna-broken-bones"}],"_links":{"self":[{"href":"https:\/\/sprememba.si\/SiSQ-Spirits\/wp-json\/wp\/v2\/product\/14271","targetHints":{"allow":["GET"]}}],"collection":[{"href":"https:\/\/sprememba.si\/SiSQ-Spirits\/wp-json\/wp\/v2\/product"}],"about":[{"href":"https:\/\/sprememba.si\/SiSQ-Spirits\/wp-json\/wp\/v2\/types\/product"}],"wp:featuredmedia":[{"embeddable":true,"href":"https:\/\/sprememba.si\/SiSQ-Spirits\/wp-json\/wp\/v2\/media\/14272"}],"wp:attachment":[{"href":"https:\/\/sprememba.si\/SiSQ-Spirits\/wp-json\/wp\/v2\/media?parent=14271"}],"wp:term":[{"taxonomy":"pwb-brand","embeddable":true,"href":"https:\/\/sprememba.si\/SiSQ-Spirits\/wp-json\/wp\/v2\/pwb-brand?post=14271"},{"taxonomy":"product_brand","embeddable":true,"href":"https:\/\/sprememba.si\/SiSQ-Spirits\/wp-json\/wp\/v2\/product_brand?post=14271"},{"taxonomy":"product_cat","embeddable":true,"href":"https:\/\/sprememba.si\/SiSQ-Spirits\/wp-json\/wp\/v2\/product_cat?post=14271"},{"taxonomy":"product_tag","embeddable":true,"href":"https:\/\/sprememba.si\/SiSQ-Spirits\/wp-json\/wp\/v2\/product_tag?post=14271"}],"curies":[{"name":"wp","href":"https:\/\/api.w.org\/{rel}","templated":true}]}}