{"id":14273,"date":"2020-05-13T21:25:20","date_gmt":"2020-05-13T19:25:20","guid":{"rendered":"https:\/\/sprememba.si\/SiSQ-Spirits\/?post_type=product&#038;p=14273"},"modified":"2020-10-27T17:07:49","modified_gmt":"2020-10-27T16:07:49","slug":"meum-modri-pinot-2017","status":"publish","type":"product","link":"https:\/\/sprememba.si\/SiSQ-Spirits\/trgovina\/meum-modri-pinot-2017\/","title":{"rendered":"Meum Modri Pinot 2017"},"content":{"rendered":"<p>Meum Modri Pinot 2017 je te\u017eko pri\u010dakovan letnik. Vsekakor vino primerno za staranje &#8211; Najbolj\u0161i bo med 2022- 2027. Za poznavalce modrega pinota zelo iskana steklenica.<\/p>\n<p>Suh in so\u010den, z zrelimi kislinami ter polnega telesa.\u00a0 Po okusu nas prevzame s svojo sadnostjo. Zorjen najmanj 2 leti v hrastovih sodih.<\/p>\n","protected":false},"excerpt":{"rendered":"<p>Meum Modri Pinot 2017 je te\u017eko pri\u010dakovan letnik. Vsekakor vino primerno za staranje &#8211; Najbolj\u0161i bo med 2022- 2027. Za poznavalce modrega pinota zelo iskana steklenica. Suh in so\u010den, z [&hellip;]<\/p>\n","protected":false},"featured_media":14327,"template":"","meta":{"_price":"15","_stock":"28","_tribe_ticket_header":"","_tribe_default_ticket_provider":"","_tribe_ticket_capacity":"28","_ticket_start_date":"","_ticket_end_date":"","_tribe_ticket_show_description":"","_tribe_ticket_show_not_going":false,"_tribe_ticket_use_global_stock":"","_tribe_ticket_global_stock_level":"","_global_stock_mode":"","_global_stock_cap":"","_tribe_rsvp_for_event":"","_tribe_ticket_going_count":"","_tribe_ticket_not_going_count":"","_tribe_tickets_list":"[]","_tribe_ticket_has_attendee_info_fields":false,"jetpack_post_was_ever_published":false,"_tec_slr_enabled":"","_tec_slr_layout":""},"pwb-brand":[140],"product_brand":[],"product_cat":[955,187],"product_tag":[659,646],"class_list":{"0":"post-14273","1":"product","2":"type-product","3":"status-publish","4":"has-post-thumbnail","6":"pwb-brand-meum","7":"product_cat-vino","8":"product_cat-rdece-vino","9":"product_tag-modri-pinot","10":"product_tag-pinot-noir","12":"first","13":"instock","14":"shipping-taxable","15":"purchasable","16":"product-type-simple"},"supplier_id":null,"supplier_sku":"","atum_controlled":true,"out_stock_date":null,"out_stock_threshold":null,"inheritable":false,"inbound_stock":null,"stock_on_hold":0,"sold_today":0,"sales_last_days":0,"reserved_stock":null,"customer_returns":null,"warehouse_damage":null,"lost_in_post":null,"other_logs":null,"out_stock_days":0,"lost_sales":0,"has_location":null,"update_date":"2026-04-16T00:12:36","atum_locations":[],"atum_stock_status":"instock","restock_status":false,"low_stock_amount":"","sales_update_date":"2026-04-16T00:12:36","calc_backorders":null,"jetpack_sharing_enabled":true,"jetpack_likes_enabled":true,"brands":[{"id":140,"name":"Meum","slug":"meum"}],"_links":{"self":[{"href":"https:\/\/sprememba.si\/SiSQ-Spirits\/wp-json\/wp\/v2\/product\/14273","targetHints":{"allow":["GET"]}}],"collection":[{"href":"https:\/\/sprememba.si\/SiSQ-Spirits\/wp-json\/wp\/v2\/product"}],"about":[{"href":"https:\/\/sprememba.si\/SiSQ-Spirits\/wp-json\/wp\/v2\/types\/product"}],"wp:featuredmedia":[{"embeddable":true,"href":"https:\/\/sprememba.si\/SiSQ-Spirits\/wp-json\/wp\/v2\/media\/14327"}],"wp:attachment":[{"href":"https:\/\/sprememba.si\/SiSQ-Spirits\/wp-json\/wp\/v2\/media?parent=14273"}],"wp:term":[{"taxonomy":"pwb-brand","embeddable":true,"href":"https:\/\/sprememba.si\/SiSQ-Spirits\/wp-json\/wp\/v2\/pwb-brand?post=14273"},{"taxonomy":"product_brand","embeddable":true,"href":"https:\/\/sprememba.si\/SiSQ-Spirits\/wp-json\/wp\/v2\/product_brand?post=14273"},{"taxonomy":"product_cat","embeddable":true,"href":"https:\/\/sprememba.si\/SiSQ-Spirits\/wp-json\/wp\/v2\/product_cat?post=14273"},{"taxonomy":"product_tag","embeddable":true,"href":"https:\/\/sprememba.si\/SiSQ-Spirits\/wp-json\/wp\/v2\/product_tag?post=14273"}],"curies":[{"name":"wp","href":"https:\/\/api.w.org\/{rel}","templated":true}]}}