{"id":14403,"date":"2020-06-15T08:05:06","date_gmt":"2020-06-15T06:05:06","guid":{"rendered":"https:\/\/sprememba.si\/SiSQ-Spirits\/?post_type=product&#038;p=14403"},"modified":"2025-09-19T08:20:12","modified_gmt":"2025-09-19T06:20:12","slug":"natural-peach-juice-slavcek","status":"publish","type":"product","link":"https:\/\/sprememba.si\/SiSQ-Spirits\/en\/trgovina\/natural-peach-juice-slavcek\/","title":{"rendered":"Natural Peach juice Slav\u010dek"},"content":{"rendered":"<p>Peach juice from the Slav\u010dek farm in the Vipava Valley is another top-quality natural product that is successfully grown at Slav\u010dke.<\/p>\n<p>The best peaches are washed with water, pitted and squeezed to get the juice, which is roasted at 82 degrees C for pasteurization and bottled.<\/p>\n<p>&nbsp;<\/p>\n<p>&nbsp;<\/p>\n<p>Great for the famous Bellini cocktail, where their <a href=\"https:\/\/sprememba.si\/SiSQ-Spirits\/en\/trgovina\/slavcek-sparkling-wine-viktorija\/\" target=\"_blank\" rel=\"noopener noreferrer\">Victoria sparkling wine<\/a> is used:<\/p>\n<ul>\n<li>2\/3 sparkling wine<\/li>\n<li>1\/3 peach juice<\/li>\n<\/ul>\n","protected":false},"excerpt":{"rendered":"<p>100 % natural handcrafted peach juice from own peaches in Vipava Valley.<\/p>\n","protected":false},"featured_media":14398,"template":"","meta":{"_price":"2.7","_stock":"0","_tribe_ticket_header":"","_tribe_default_ticket_provider":"","_tribe_ticket_capacity":"2","_ticket_start_date":"","_ticket_end_date":"","_tribe_ticket_show_description":"","_tribe_ticket_show_not_going":false,"_tribe_ticket_use_global_stock":"","_tribe_ticket_global_stock_level":"","_global_stock_mode":"","_global_stock_cap":"","_tribe_rsvp_for_event":"","_tribe_ticket_going_count":"","_tribe_ticket_not_going_count":"","_tribe_tickets_list":"[]","_tribe_ticket_has_attendee_info_fields":false,"jetpack_post_was_ever_published":false,"_tec_slr_enabled":"","_tec_slr_layout":""},"pwb-brand":[1179],"product_brand":[],"product_cat":[1144,2004],"product_tag":[],"class_list":{"0":"post-14403","1":"product","2":"type-product","3":"status-publish","4":"has-post-thumbnail","6":"pwb-brand-slavcek-eco-farm","7":"product_cat-other","8":"product_cat-non-alcoholic-beverages","10":"first","11":"outofstock","12":"shipping-taxable","13":"purchasable","14":"product-type-simple"},"supplier_id":null,"supplier_sku":"","atum_controlled":true,"out_stock_date":null,"out_stock_threshold":null,"inheritable":false,"inbound_stock":null,"stock_on_hold":0,"sold_today":0,"sales_last_days":0,"reserved_stock":null,"customer_returns":null,"warehouse_damage":null,"lost_in_post":null,"other_logs":null,"out_stock_days":0,"lost_sales":0,"has_location":null,"update_date":"2026-04-21T00:29:16","atum_locations":[],"atum_stock_status":"outofstock","restock_status":false,"low_stock_amount":1,"sales_update_date":"2026-04-21T00:29:16","calc_backorders":null,"jetpack_sharing_enabled":true,"jetpack_likes_enabled":true,"brands":[{"id":1179,"name":"Slav\u010dek eco farm","slug":"slavcek-eco-farm"}],"_links":{"self":[{"href":"https:\/\/sprememba.si\/SiSQ-Spirits\/wp-json\/wp\/v2\/product\/14403","targetHints":{"allow":["GET"]}}],"collection":[{"href":"https:\/\/sprememba.si\/SiSQ-Spirits\/wp-json\/wp\/v2\/product"}],"about":[{"href":"https:\/\/sprememba.si\/SiSQ-Spirits\/wp-json\/wp\/v2\/types\/product"}],"wp:featuredmedia":[{"embeddable":true,"href":"https:\/\/sprememba.si\/SiSQ-Spirits\/wp-json\/wp\/v2\/media\/14398"}],"wp:attachment":[{"href":"https:\/\/sprememba.si\/SiSQ-Spirits\/wp-json\/wp\/v2\/media?parent=14403"}],"wp:term":[{"taxonomy":"pwb-brand","embeddable":true,"href":"https:\/\/sprememba.si\/SiSQ-Spirits\/wp-json\/wp\/v2\/pwb-brand?post=14403"},{"taxonomy":"product_brand","embeddable":true,"href":"https:\/\/sprememba.si\/SiSQ-Spirits\/wp-json\/wp\/v2\/product_brand?post=14403"},{"taxonomy":"product_cat","embeddable":true,"href":"https:\/\/sprememba.si\/SiSQ-Spirits\/wp-json\/wp\/v2\/product_cat?post=14403"},{"taxonomy":"product_tag","embeddable":true,"href":"https:\/\/sprememba.si\/SiSQ-Spirits\/wp-json\/wp\/v2\/product_tag?post=14403"}],"curies":[{"name":"wp","href":"https:\/\/api.w.org\/{rel}","templated":true}]}}