{"id":14535,"date":"2020-08-12T10:48:51","date_gmt":"2020-08-12T08:48:51","guid":{"rendered":"https:\/\/sprememba.si\/SiSQ-Spirits\/?post_type=product&#038;p=14535"},"modified":"2025-04-02T17:47:58","modified_gmt":"2025-04-02T15:47:58","slug":"koglot-v-gin","status":"publish","type":"product","link":"https:\/\/sprememba.si\/SiSQ-Spirits\/trgovina\/koglot-v-gin\/","title":{"rendered":"Koglot V-Gin"},"content":{"rendered":"<p>Osnovni destilat je narejen iz doma\u010dega grozdja, dodana so ve\u010dinoma zeli\u0161\u010da, ki rastejo na kmetiji v okolici Vrtojbe.<\/p>\n<p>Sodobna znanja in tehnologijo zdru\u017eujejo s tradicionalnim na\u010dinom pridelave in znanjem predhodnih rodov. gin kuhajo v eden najstarej\u0161ih zidanih kotlov za \u017eganjekuho v Sloveniji. Kotel deluje od leta 1900.<\/p>\n","protected":false},"excerpt":{"rendered":"<p>Osnovni destilat je narejen iz doma\u010dega grozdja, dodana so ve\u010dinoma zeli\u0161\u010da, ki rastejo na kmetiji v okolici Vrtojbe. Sodobna znanja in tehnologijo zdru\u017eujejo s tradicionalnim na\u010dinom pridelave in znanjem predhodnih [&hellip;]<\/p>\n","protected":false},"featured_media":14536,"template":"","meta":{"_price":"30","_stock":"2","_tribe_ticket_header":"","_tribe_default_ticket_provider":"","_tribe_ticket_capacity":"6","_ticket_start_date":"","_ticket_end_date":"","_tribe_ticket_show_description":"","_tribe_ticket_show_not_going":false,"_tribe_ticket_use_global_stock":"","_tribe_ticket_global_stock_level":"","_global_stock_mode":"","_global_stock_cap":"","_tribe_rsvp_for_event":"","_tribe_ticket_going_count":"","_tribe_ticket_not_going_count":"","_tribe_tickets_list":"[]","_tribe_ticket_has_attendee_info_fields":false,"jetpack_post_was_ever_published":false,"_tec_slr_enabled":"","_tec_slr_layout":""},"pwb-brand":[1940],"product_brand":[],"product_cat":[1620,865,1239],"product_tag":[554],"class_list":{"0":"post-14535","1":"product","2":"type-product","3":"status-publish","4":"has-post-thumbnail","6":"pwb-brand-vino-koglot","7":"product_cat-destilati","8":"product_cat-gin","9":"product_cat-slovenski-gin","10":"product_tag-slovenski-gin-craft","12":"first","13":"instock","14":"shipping-taxable","15":"purchasable","16":"product-type-simple"},"supplier_id":null,"supplier_sku":"","atum_controlled":true,"out_stock_date":null,"out_stock_threshold":null,"inheritable":false,"inbound_stock":0,"stock_on_hold":0,"sold_today":0,"sales_last_days":0,"reserved_stock":0,"customer_returns":0,"warehouse_damage":0,"lost_in_post":0,"other_logs":0,"out_stock_days":0,"lost_sales":0,"has_location":false,"update_date":"2026-04-19T00:19:18","atum_locations":[],"atum_stock_status":"instock","restock_status":false,"low_stock_amount":"","sales_update_date":"2026-04-19T00:19:18","calc_backorders":null,"jetpack_sharing_enabled":true,"jetpack_likes_enabled":true,"brands":[{"id":1940,"name":"Vino Koglot","slug":"vino-koglot"}],"_links":{"self":[{"href":"https:\/\/sprememba.si\/SiSQ-Spirits\/wp-json\/wp\/v2\/product\/14535","targetHints":{"allow":["GET"]}}],"collection":[{"href":"https:\/\/sprememba.si\/SiSQ-Spirits\/wp-json\/wp\/v2\/product"}],"about":[{"href":"https:\/\/sprememba.si\/SiSQ-Spirits\/wp-json\/wp\/v2\/types\/product"}],"wp:featuredmedia":[{"embeddable":true,"href":"https:\/\/sprememba.si\/SiSQ-Spirits\/wp-json\/wp\/v2\/media\/14536"}],"wp:attachment":[{"href":"https:\/\/sprememba.si\/SiSQ-Spirits\/wp-json\/wp\/v2\/media?parent=14535"}],"wp:term":[{"taxonomy":"pwb-brand","embeddable":true,"href":"https:\/\/sprememba.si\/SiSQ-Spirits\/wp-json\/wp\/v2\/pwb-brand?post=14535"},{"taxonomy":"product_brand","embeddable":true,"href":"https:\/\/sprememba.si\/SiSQ-Spirits\/wp-json\/wp\/v2\/product_brand?post=14535"},{"taxonomy":"product_cat","embeddable":true,"href":"https:\/\/sprememba.si\/SiSQ-Spirits\/wp-json\/wp\/v2\/product_cat?post=14535"},{"taxonomy":"product_tag","embeddable":true,"href":"https:\/\/sprememba.si\/SiSQ-Spirits\/wp-json\/wp\/v2\/product_tag?post=14535"}],"curies":[{"name":"wp","href":"https:\/\/api.w.org\/{rel}","templated":true}]}}