{"id":14684,"date":"2023-05-26T07:48:31","date_gmt":"2023-05-26T05:48:31","guid":{"rendered":"https:\/\/sprememba.si\/SiSQ-Spirits\/?post_type=product&#038;p=14684"},"modified":"2025-06-09T14:02:52","modified_gmt":"2025-06-09T12:02:52","slug":"lucifer-cokoladno-pismo-cokolada-za","status":"publish","type":"product","link":"https:\/\/sprememba.si\/SiSQ-Spirits\/trgovina\/lucifer-cokoladno-pismo-cokolada-za\/","title":{"rendered":"Lucifer \u010dokoladno pismo \u010cOKOLADA ZA &#8230;"},"content":{"rendered":"<p>\u010cokoladno pismo \u010cOKOLADA ZA je odli\u010dnega okusa, ovitek pa lahko pomagate soustvariti sami!<\/p>\n<p>Ko \u017eelite nekoga razveseliti in mu podariti prav posebno, sladko in unikatno darilce, je \u010dokoladno pismo \u010cOKOLADA ZA prava izbira. Pisan ovitek s prostorom za dopis imena obdarjenca je lepo darilo ali pozornost, ki za pentljico skriva slastno tablico iz kremne mle\u010dne \u010dokolade z 38-odstotnim dele\u017eem kakava. Veselje zagotovljeno!<\/p>\n<p>Trenutek, ko se \u010das ustavi in se posvetimo u\u017eitku topljenja \u010dokolade v ustih, je lepo darilo. Privo\u0161\u010dite tak trenutek sebi in bli\u017enjim. Pripi\u0161ite ime in darilo se bo spremenilo v unikatno \u010dokoladno mojstrovino, ustvarjeno, da osre\u010di.<\/p>\n","protected":false},"excerpt":{"rendered":"<p>Podarite \u010dokoladno pozornost, podarite prijetne trenutke sladkanja s \u010dokoladnim pismom \u010cOKOLADA ZA \u2026 in pripi\u0161ite, komu podarjate to skrbno, ro\u010dno izdelano kremasto \u010dokoladno veselje.<\/p>\n<p>\u010cokoladno pismo \u010cOKOLADA ZA \u2026 bo razveselilo vsakega obdarjenca in posladkalo kateri koli del dneva.<\/p>\n<p>\u010cokoladna tablica iz 38% mle\u010dne \u010dokolade<\/p>\n<p><span style=\"color: #ff0000;\">V darilnih paketih \u0161e dodaten popust na \u010dokolado!<\/span><\/p>\n","protected":false},"featured_media":14685,"template":"","meta":{"_uag_custom_page_level_css":"","_price":"4","_stock":"0","_tribe_ticket_header":"","_tribe_default_ticket_provider":"","_tribe_ticket_capacity":"130","_ticket_start_date":"","_ticket_end_date":"","_tribe_ticket_show_description":"","_tribe_ticket_show_not_going":false,"_tribe_ticket_use_global_stock":"","_tribe_ticket_global_stock_level":"","_global_stock_mode":"","_global_stock_cap":"","_tribe_rsvp_for_event":"","_tribe_ticket_going_count":"","_tribe_ticket_not_going_count":"","_tribe_tickets_list":"[]","_tribe_ticket_has_attendee_info_fields":false,"jetpack_post_was_ever_published":false,"_tec_slr_enabled":"","_tec_slr_layout":""},"pwb-brand":[2078],"product_brand":[],"product_cat":[2076,372],"product_tag":[2080],"class_list":{"0":"post-14684","1":"product","2":"type-product","3":"status-publish","4":"has-post-thumbnail","6":"pwb-brand-lucifer-cokolada","7":"product_cat-sladke-razvade","8":"product_cat-drugo","9":"product_tag-lucifer","11":"first","12":"outofstock","13":"shipping-taxable","14":"purchasable","15":"product-type-simple"},"supplier_id":null,"supplier_sku":"","atum_controlled":true,"out_stock_date":"2022-12-12 18:08:44","out_stock_threshold":null,"inheritable":false,"inbound_stock":0,"stock_on_hold":0,"sold_today":0,"sales_last_days":0,"reserved_stock":0,"customer_returns":0,"warehouse_damage":0,"lost_in_post":0,"other_logs":0,"out_stock_days":1241,"lost_sales":0,"has_location":false,"update_date":"2026-05-07T01:57:09","atum_locations":[],"atum_stock_status":"outofstock","restock_status":false,"low_stock_amount":"","sales_update_date":"2026-05-07T01:57:09","calc_backorders":null,"uagb_featured_image_src":{"full":["https:\/\/i0.wp.com\/sprememba.si\/SiSQ-Spirits\/wp-content\/uploads\/2020\/11\/pomladna-pisma-2020-COKOLADA-ZA-2.jpg?fit=1000%2C1000&ssl=1",1000,1000,false],"thumbnail":["https:\/\/i0.wp.com\/sprememba.si\/SiSQ-Spirits\/wp-content\/uploads\/2020\/11\/pomladna-pisma-2020-COKOLADA-ZA-2.jpg?resize=150%2C150&ssl=1",150,150,true],"medium":["https:\/\/i0.wp.com\/sprememba.si\/SiSQ-Spirits\/wp-content\/uploads\/2020\/11\/pomladna-pisma-2020-COKOLADA-ZA-2.jpg?fit=300%2C300&ssl=1",300,300,true],"medium_large":["https:\/\/i0.wp.com\/sprememba.si\/SiSQ-Spirits\/wp-content\/uploads\/2020\/11\/pomladna-pisma-2020-COKOLADA-ZA-2.jpg?fit=768%2C768&ssl=1",768,768,true],"large":["https:\/\/i0.wp.com\/sprememba.si\/SiSQ-Spirits\/wp-content\/uploads\/2020\/11\/pomladna-pisma-2020-COKOLADA-ZA-2.jpg?fit=980%2C980&ssl=1",980,980,true],"1536x1536":["https:\/\/i0.wp.com\/sprememba.si\/SiSQ-Spirits\/wp-content\/uploads\/2020\/11\/pomladna-pisma-2020-COKOLADA-ZA-2.jpg?fit=1000%2C1000&ssl=1",1000,1000,true],"2048x2048":["https:\/\/i0.wp.com\/sprememba.si\/SiSQ-Spirits\/wp-content\/uploads\/2020\/11\/pomladna-pisma-2020-COKOLADA-ZA-2.jpg?fit=1000%2C1000&ssl=1",1000,1000,true],"woocommerce_thumbnail":["https:\/\/i0.wp.com\/sprememba.si\/SiSQ-Spirits\/wp-content\/uploads\/2020\/11\/pomladna-pisma-2020-COKOLADA-ZA-2.jpg?resize=324%2C324&ssl=1",324,324,true],"woocommerce_single":["https:\/\/i0.wp.com\/sprememba.si\/SiSQ-Spirits\/wp-content\/uploads\/2020\/11\/pomladna-pisma-2020-COKOLADA-ZA-2.jpg?fit=416%2C416&ssl=1",416,416,true],"woocommerce_gallery_thumbnail":["https:\/\/i0.wp.com\/sprememba.si\/SiSQ-Spirits\/wp-content\/uploads\/2020\/11\/pomladna-pisma-2020-COKOLADA-ZA-2.jpg?resize=100%2C100&ssl=1",100,100,true],"variation_swatches_image_size":["https:\/\/i0.wp.com\/sprememba.si\/SiSQ-Spirits\/wp-content\/uploads\/2020\/11\/pomladna-pisma-2020-COKOLADA-ZA-2.jpg?resize=50%2C50&ssl=1",50,50,true],"variation_swatches_tooltip_size":["https:\/\/i0.wp.com\/sprememba.si\/SiSQ-Spirits\/wp-content\/uploads\/2020\/11\/pomladna-pisma-2020-COKOLADA-ZA-2.jpg?resize=100%2C100&ssl=1",100,100,true]},"uagb_author_info":{"display_name":"SiSQSpirits","author_link":"https:\/\/sprememba.si\/SiSQ-Spirits\/author\/"},"uagb_comment_info":0,"uagb_excerpt":"Podarite \u010dokoladno pozornost, podarite prijetne trenutke sladkanja s \u010dokoladnim pismom \u010cOKOLADA ZA \u2026 in pripi\u0161ite, komu podarjate to skrbno, ro\u010dno izdelano kremasto \u010dokoladno veselje. \u010cokoladno pismo \u010cOKOLADA ZA \u2026 bo razveselilo vsakega obdarjenca in posladkalo kateri koli del dneva. \u010cokoladna tablica iz 38% mle\u010dne \u010dokolade V darilnih paketih \u0161e dodaten popust na \u010dokolado!","jetpack_sharing_enabled":true,"jetpack_likes_enabled":true,"brands":[{"id":2078,"name":"Lucifer \u010dokolada","slug":"lucifer-cokolada"}],"_links":{"self":[{"href":"https:\/\/sprememba.si\/SiSQ-Spirits\/wp-json\/wp\/v2\/product\/14684","targetHints":{"allow":["GET"]}}],"collection":[{"href":"https:\/\/sprememba.si\/SiSQ-Spirits\/wp-json\/wp\/v2\/product"}],"about":[{"href":"https:\/\/sprememba.si\/SiSQ-Spirits\/wp-json\/wp\/v2\/types\/product"}],"wp:featuredmedia":[{"embeddable":true,"href":"https:\/\/sprememba.si\/SiSQ-Spirits\/wp-json\/wp\/v2\/media\/14685"}],"wp:attachment":[{"href":"https:\/\/sprememba.si\/SiSQ-Spirits\/wp-json\/wp\/v2\/media?parent=14684"}],"wp:term":[{"taxonomy":"pwb-brand","embeddable":true,"href":"https:\/\/sprememba.si\/SiSQ-Spirits\/wp-json\/wp\/v2\/pwb-brand?post=14684"},{"taxonomy":"product_brand","embeddable":true,"href":"https:\/\/sprememba.si\/SiSQ-Spirits\/wp-json\/wp\/v2\/product_brand?post=14684"},{"taxonomy":"product_cat","embeddable":true,"href":"https:\/\/sprememba.si\/SiSQ-Spirits\/wp-json\/wp\/v2\/product_cat?post=14684"},{"taxonomy":"product_tag","embeddable":true,"href":"https:\/\/sprememba.si\/SiSQ-Spirits\/wp-json\/wp\/v2\/product_tag?post=14684"}],"curies":[{"name":"wp","href":"https:\/\/api.w.org\/{rel}","templated":true}]}}