{"id":14710,"date":"2020-11-06T21:11:37","date_gmt":"2020-11-06T20:11:37","guid":{"rendered":"https:\/\/sprememba.si\/SiSQ-Spirits\/?post_type=product&#038;p=14710"},"modified":"2021-12-29T08:08:01","modified_gmt":"2021-12-29T07:08:01","slug":"lucifer-cokoladno-pismo-uzivaj-trenutek","status":"publish","type":"product","link":"https:\/\/sprememba.si\/SiSQ-Spirits\/trgovina\/lucifer-cokoladno-pismo-uzivaj-trenutek\/","title":{"rendered":"Lucifer \u010dokoladno pismo U\u017dIVAJ TRENUTEK"},"content":{"rendered":"<p>Znate ceniti trenutek ali z mislimi nenehno drvite naprej in nazaj? \u010ce se kdaj v vihar ob\u010dutkov, spominov in pri\u010dakovanj ujamejo tudi va\u0161i bli\u017enji in prijatelji, jih prizemljite na najbolj ne\u017een in kremast na\u010din \u2013 z vrhunsko \u010dokolado in sporo\u010dilom, ki ga nosi \u010dokoladno pismo U\u017eivaj trenutek.<\/p>\n<p>\u010cokoladna tablica iz temne \u010dokolade s 60-odstotnim dele\u017eem kakava v trenutku umiri misli in jih odpelje naravnost k u\u017eitku. Za popolno predajo grenko-sladkim ko\u0161\u010dkom pri izdelavi tablice uporabljamo zgolj naravne sestavine, brez umetnih barvil in arom ali konzervansov. Vsako \u010dokoladno pismo izdelamo ro\u010dno, z veliko ljubezni do najslaj\u0161ih gri\u017eljajev.<\/p>\n","protected":false},"excerpt":{"rendered":"<p>Povejte s \u010dokolado! \u010cokoladno pismo U\u017dIVAJ TRENUTEK iz fine temne \u010dokolade bo va\u0161im najdra\u017ejim ali kar vam pri\u010daralo sladke trenutke, v katerih boste resni\u010dno u\u017eivali.<\/p>\n<p>\u010cokoladna tablica iz temne \u010dokolade 60%.<\/p>\n<p><span style=\"color: #ff0000;\">V darilnih paketih \u0161e dodaten popust na \u010dokolado!<\/span><\/p>\n","protected":false},"featured_media":14711,"template":"","meta":{"_uag_custom_page_level_css":"","_price":"3.42","_stock":"0","_tribe_ticket_header":"","_tribe_default_ticket_provider":"","_tribe_ticket_capacity":"1","_ticket_start_date":"","_ticket_end_date":"","_tribe_ticket_show_description":"","_tribe_ticket_show_not_going":false,"_tribe_ticket_use_global_stock":"","_tribe_ticket_global_stock_level":"","_global_stock_mode":"","_global_stock_cap":"","_tribe_rsvp_for_event":"","_tribe_ticket_going_count":"","_tribe_ticket_not_going_count":"","_tribe_tickets_list":"[]","_tribe_ticket_has_attendee_info_fields":false,"jetpack_post_was_ever_published":false,"_tec_slr_enabled":"","_tec_slr_layout":""},"pwb-brand":[2078],"product_brand":[],"product_cat":[372,2076],"product_tag":[2080],"class_list":{"0":"post-14710","1":"product","2":"type-product","3":"status-publish","4":"has-post-thumbnail","6":"pwb-brand-lucifer-cokolada","7":"product_cat-drugo","8":"product_cat-sladke-razvade","9":"product_tag-lucifer","11":"first","12":"outofstock","13":"sale","14":"shipping-taxable","15":"purchasable","16":"product-type-simple"},"supplier_id":null,"supplier_sku":"","atum_controlled":true,"out_stock_date":"2021-04-09 05:58:26","out_stock_threshold":null,"inheritable":false,"inbound_stock":0,"stock_on_hold":0,"sold_today":0,"sales_last_days":0,"reserved_stock":0,"customer_returns":0,"warehouse_damage":0,"lost_in_post":0,"other_logs":0,"out_stock_days":1853,"lost_sales":1005,"has_location":false,"update_date":"2026-05-07T01:57:09","atum_locations":[],"atum_stock_status":"outofstock","restock_status":false,"low_stock_amount":1,"sales_update_date":"2026-05-07T01:57:09","calc_backorders":null,"uagb_featured_image_src":{"full":["https:\/\/i0.wp.com\/sprememba.si\/SiSQ-Spirits\/wp-content\/uploads\/2020\/11\/temna_cokolada_cokoladne_tablice_uzivaj_trenutek_cokoladna_darila_lucifer_chocolate.jpg?fit=800%2C800&ssl=1",800,800,false],"thumbnail":["https:\/\/i0.wp.com\/sprememba.si\/SiSQ-Spirits\/wp-content\/uploads\/2020\/11\/temna_cokolada_cokoladne_tablice_uzivaj_trenutek_cokoladna_darila_lucifer_chocolate.jpg?resize=150%2C150&ssl=1",150,150,true],"medium":["https:\/\/i0.wp.com\/sprememba.si\/SiSQ-Spirits\/wp-content\/uploads\/2020\/11\/temna_cokolada_cokoladne_tablice_uzivaj_trenutek_cokoladna_darila_lucifer_chocolate.jpg?fit=300%2C300&ssl=1",300,300,true],"medium_large":["https:\/\/i0.wp.com\/sprememba.si\/SiSQ-Spirits\/wp-content\/uploads\/2020\/11\/temna_cokolada_cokoladne_tablice_uzivaj_trenutek_cokoladna_darila_lucifer_chocolate.jpg?fit=768%2C768&ssl=1",768,768,true],"large":["https:\/\/i0.wp.com\/sprememba.si\/SiSQ-Spirits\/wp-content\/uploads\/2020\/11\/temna_cokolada_cokoladne_tablice_uzivaj_trenutek_cokoladna_darila_lucifer_chocolate.jpg?fit=800%2C800&ssl=1",800,800,true],"1536x1536":["https:\/\/i0.wp.com\/sprememba.si\/SiSQ-Spirits\/wp-content\/uploads\/2020\/11\/temna_cokolada_cokoladne_tablice_uzivaj_trenutek_cokoladna_darila_lucifer_chocolate.jpg?fit=800%2C800&ssl=1",800,800,true],"2048x2048":["https:\/\/i0.wp.com\/sprememba.si\/SiSQ-Spirits\/wp-content\/uploads\/2020\/11\/temna_cokolada_cokoladne_tablice_uzivaj_trenutek_cokoladna_darila_lucifer_chocolate.jpg?fit=800%2C800&ssl=1",800,800,true],"woocommerce_thumbnail":["https:\/\/i0.wp.com\/sprememba.si\/SiSQ-Spirits\/wp-content\/uploads\/2020\/11\/temna_cokolada_cokoladne_tablice_uzivaj_trenutek_cokoladna_darila_lucifer_chocolate.jpg?resize=324%2C324&ssl=1",324,324,true],"woocommerce_single":["https:\/\/i0.wp.com\/sprememba.si\/SiSQ-Spirits\/wp-content\/uploads\/2020\/11\/temna_cokolada_cokoladne_tablice_uzivaj_trenutek_cokoladna_darila_lucifer_chocolate.jpg?fit=416%2C416&ssl=1",416,416,true],"woocommerce_gallery_thumbnail":["https:\/\/i0.wp.com\/sprememba.si\/SiSQ-Spirits\/wp-content\/uploads\/2020\/11\/temna_cokolada_cokoladne_tablice_uzivaj_trenutek_cokoladna_darila_lucifer_chocolate.jpg?resize=100%2C100&ssl=1",100,100,true],"variation_swatches_image_size":["https:\/\/i0.wp.com\/sprememba.si\/SiSQ-Spirits\/wp-content\/uploads\/2020\/11\/temna_cokolada_cokoladne_tablice_uzivaj_trenutek_cokoladna_darila_lucifer_chocolate.jpg?resize=50%2C50&ssl=1",50,50,true],"variation_swatches_tooltip_size":["https:\/\/i0.wp.com\/sprememba.si\/SiSQ-Spirits\/wp-content\/uploads\/2020\/11\/temna_cokolada_cokoladne_tablice_uzivaj_trenutek_cokoladna_darila_lucifer_chocolate.jpg?resize=100%2C100&ssl=1",100,100,true]},"uagb_author_info":{"display_name":"SiSQSpirits","author_link":"https:\/\/sprememba.si\/SiSQ-Spirits\/author\/"},"uagb_comment_info":0,"uagb_excerpt":"Povejte s \u010dokolado! \u010cokoladno pismo U\u017dIVAJ TRENUTEK iz fine temne \u010dokolade bo va\u0161im najdra\u017ejim ali kar vam pri\u010daralo sladke trenutke, v katerih boste resni\u010dno u\u017eivali. \u010cokoladna tablica iz temne \u010dokolade 60%. V darilnih paketih \u0161e dodaten popust na \u010dokolado!","jetpack_sharing_enabled":true,"jetpack_likes_enabled":true,"brands":[{"id":2078,"name":"Lucifer \u010dokolada","slug":"lucifer-cokolada"}],"_links":{"self":[{"href":"https:\/\/sprememba.si\/SiSQ-Spirits\/wp-json\/wp\/v2\/product\/14710","targetHints":{"allow":["GET"]}}],"collection":[{"href":"https:\/\/sprememba.si\/SiSQ-Spirits\/wp-json\/wp\/v2\/product"}],"about":[{"href":"https:\/\/sprememba.si\/SiSQ-Spirits\/wp-json\/wp\/v2\/types\/product"}],"wp:featuredmedia":[{"embeddable":true,"href":"https:\/\/sprememba.si\/SiSQ-Spirits\/wp-json\/wp\/v2\/media\/14711"}],"wp:attachment":[{"href":"https:\/\/sprememba.si\/SiSQ-Spirits\/wp-json\/wp\/v2\/media?parent=14710"}],"wp:term":[{"taxonomy":"pwb-brand","embeddable":true,"href":"https:\/\/sprememba.si\/SiSQ-Spirits\/wp-json\/wp\/v2\/pwb-brand?post=14710"},{"taxonomy":"product_brand","embeddable":true,"href":"https:\/\/sprememba.si\/SiSQ-Spirits\/wp-json\/wp\/v2\/product_brand?post=14710"},{"taxonomy":"product_cat","embeddable":true,"href":"https:\/\/sprememba.si\/SiSQ-Spirits\/wp-json\/wp\/v2\/product_cat?post=14710"},{"taxonomy":"product_tag","embeddable":true,"href":"https:\/\/sprememba.si\/SiSQ-Spirits\/wp-json\/wp\/v2\/product_tag?post=14710"}],"curies":[{"name":"wp","href":"https:\/\/api.w.org\/{rel}","templated":true}]}}