{"id":14821,"date":"2020-11-25T22:51:26","date_gmt":"2020-11-25T21:51:26","guid":{"rendered":"https:\/\/sprememba.si\/SiSQ-Spirits\/?post_type=product&#038;p=14821"},"modified":"2021-12-02T21:30:44","modified_gmt":"2021-12-02T20:30:44","slug":"gin-kroglice-s-cokoladnimi-kroglicami-in-tonikom","status":"publish","type":"product","link":"https:\/\/sprememba.si\/SiSQ-Spirits\/trgovina\/gin-kroglice-s-cokoladnimi-kroglicami-in-tonikom\/","title":{"rendered":"Gin kroglice s \u010dokoladnimi kroglicami in nogavicami"},"content":{"rendered":"<p>2x Gin Brin kroglici, 1x Lucifer \u010dokoladne kroglice z le\u0161niki ali 1x Lucifer Ruby \u010dokoladne kroglice ter\u00a0 ter par ali dva bo\u017ei\u010dnih nogavic Novoletna pravljica<\/p>\n<p>&nbsp;<\/p>\n","protected":false},"excerpt":{"rendered":"<p>Darilni paket &#8211; Gin Brin kroglice, 1x Lucifer kroglice v kozarcu, bo\u017ei\u010dne nogavice<\/p>\n<p>&nbsp;<\/p>\n<p>Lucifer \u010dokoladne kroglice so \u017eal razprodane.<\/p>\n","protected":false},"featured_media":14856,"template":"","meta":{"_uag_custom_page_level_css":"","_price":"1","_stock":"0","_tribe_ticket_header":"","_tribe_default_ticket_provider":"","_tribe_ticket_capacity":"10","_ticket_start_date":"","_ticket_end_date":"","_tribe_ticket_show_description":"","_tribe_ticket_show_not_going":false,"_tribe_ticket_use_global_stock":"","_tribe_ticket_global_stock_level":"","_global_stock_mode":"","_global_stock_cap":"","_tribe_rsvp_for_event":"","_tribe_ticket_going_count":"","_tribe_ticket_not_going_count":"","_tribe_tickets_list":"[]","_tribe_ticket_has_attendee_info_fields":false,"jetpack_post_was_ever_published":false,"_tec_slr_enabled":"","_tec_slr_layout":""},"pwb-brand":[840,2078,2275],"product_brand":[],"product_cat":[1220,551,372],"product_tag":[],"class_list":{"0":"post-14821","1":"product","2":"type-product","3":"status-publish","4":"has-post-thumbnail","6":"pwb-brand-destilarna-gin-brin","7":"pwb-brand-lucifer-cokolada","8":"pwb-brand-pletilstvo-erika","9":"product_cat-gin-darilni-paket","10":"product_cat-darilni-kompleti","11":"product_cat-drugo","12":"wcpa_has_options","14":"first","15":"outofstock","16":"shipping-taxable","17":"purchasable","18":"product-type-composite"},"supplier_id":null,"supplier_sku":"","atum_controlled":true,"out_stock_date":null,"out_stock_threshold":null,"inheritable":false,"inbound_stock":null,"stock_on_hold":0,"sold_today":0,"sales_last_days":0,"reserved_stock":null,"customer_returns":null,"warehouse_damage":null,"lost_in_post":null,"other_logs":null,"out_stock_days":0,"lost_sales":0,"has_location":false,"update_date":"2026-05-07T01:57:09","atum_locations":[],"atum_stock_status":"outofstock","restock_status":false,"low_stock_amount":"","sales_update_date":"2026-05-07T01:57:09","calc_backorders":null,"uagb_featured_image_src":{"full":["https:\/\/i0.wp.com\/sprememba.si\/SiSQ-Spirits\/wp-content\/uploads\/2020\/12\/gin-kroglice-lucifer-cokolada-bozicne-nogavice-darilo-enoteka-mozirje.png?fit=800%2C800&ssl=1",800,800,false],"thumbnail":["https:\/\/i0.wp.com\/sprememba.si\/SiSQ-Spirits\/wp-content\/uploads\/2020\/12\/gin-kroglice-lucifer-cokolada-bozicne-nogavice-darilo-enoteka-mozirje.png?resize=150%2C150&ssl=1",150,150,true],"medium":["https:\/\/i0.wp.com\/sprememba.si\/SiSQ-Spirits\/wp-content\/uploads\/2020\/12\/gin-kroglice-lucifer-cokolada-bozicne-nogavice-darilo-enoteka-mozirje.png?fit=300%2C300&ssl=1",300,300,true],"medium_large":["https:\/\/i0.wp.com\/sprememba.si\/SiSQ-Spirits\/wp-content\/uploads\/2020\/12\/gin-kroglice-lucifer-cokolada-bozicne-nogavice-darilo-enoteka-mozirje.png?fit=768%2C768&ssl=1",768,768,true],"large":["https:\/\/i0.wp.com\/sprememba.si\/SiSQ-Spirits\/wp-content\/uploads\/2020\/12\/gin-kroglice-lucifer-cokolada-bozicne-nogavice-darilo-enoteka-mozirje.png?fit=800%2C800&ssl=1",800,800,true],"1536x1536":["https:\/\/i0.wp.com\/sprememba.si\/SiSQ-Spirits\/wp-content\/uploads\/2020\/12\/gin-kroglice-lucifer-cokolada-bozicne-nogavice-darilo-enoteka-mozirje.png?fit=800%2C800&ssl=1",800,800,true],"2048x2048":["https:\/\/i0.wp.com\/sprememba.si\/SiSQ-Spirits\/wp-content\/uploads\/2020\/12\/gin-kroglice-lucifer-cokolada-bozicne-nogavice-darilo-enoteka-mozirje.png?fit=800%2C800&ssl=1",800,800,true],"woocommerce_thumbnail":["https:\/\/i0.wp.com\/sprememba.si\/SiSQ-Spirits\/wp-content\/uploads\/2020\/12\/gin-kroglice-lucifer-cokolada-bozicne-nogavice-darilo-enoteka-mozirje.png?resize=324%2C324&ssl=1",324,324,true],"woocommerce_single":["https:\/\/i0.wp.com\/sprememba.si\/SiSQ-Spirits\/wp-content\/uploads\/2020\/12\/gin-kroglice-lucifer-cokolada-bozicne-nogavice-darilo-enoteka-mozirje.png?fit=416%2C416&ssl=1",416,416,true],"woocommerce_gallery_thumbnail":["https:\/\/i0.wp.com\/sprememba.si\/SiSQ-Spirits\/wp-content\/uploads\/2020\/12\/gin-kroglice-lucifer-cokolada-bozicne-nogavice-darilo-enoteka-mozirje.png?resize=100%2C100&ssl=1",100,100,true],"variation_swatches_image_size":["https:\/\/i0.wp.com\/sprememba.si\/SiSQ-Spirits\/wp-content\/uploads\/2020\/12\/gin-kroglice-lucifer-cokolada-bozicne-nogavice-darilo-enoteka-mozirje.png?resize=50%2C50&ssl=1",50,50,true],"variation_swatches_tooltip_size":["https:\/\/i0.wp.com\/sprememba.si\/SiSQ-Spirits\/wp-content\/uploads\/2020\/12\/gin-kroglice-lucifer-cokolada-bozicne-nogavice-darilo-enoteka-mozirje.png?resize=100%2C100&ssl=1",100,100,true]},"uagb_author_info":{"display_name":"SiSQSpirits","author_link":"https:\/\/sprememba.si\/SiSQ-Spirits\/author\/"},"uagb_comment_info":0,"uagb_excerpt":"Darilni paket - Gin Brin kroglice, 1x Lucifer kroglice v kozarcu, bo\u017ei\u010dne nogavice &nbsp; Lucifer \u010dokoladne kroglice so \u017eal razprodane.","jetpack_sharing_enabled":true,"jetpack_likes_enabled":true,"brands":[{"id":840,"name":"Destilarna Gin Brin","slug":"destilarna-gin-brin"},{"id":2078,"name":"Lucifer \u010dokolada","slug":"lucifer-cokolada"},{"id":2275,"name":"Pletilstvo Erika","slug":"pletilstvo-erika"}],"_links":{"self":[{"href":"https:\/\/sprememba.si\/SiSQ-Spirits\/wp-json\/wp\/v2\/product\/14821","targetHints":{"allow":["GET"]}}],"collection":[{"href":"https:\/\/sprememba.si\/SiSQ-Spirits\/wp-json\/wp\/v2\/product"}],"about":[{"href":"https:\/\/sprememba.si\/SiSQ-Spirits\/wp-json\/wp\/v2\/types\/product"}],"wp:featuredmedia":[{"embeddable":true,"href":"https:\/\/sprememba.si\/SiSQ-Spirits\/wp-json\/wp\/v2\/media\/14856"}],"wp:attachment":[{"href":"https:\/\/sprememba.si\/SiSQ-Spirits\/wp-json\/wp\/v2\/media?parent=14821"}],"wp:term":[{"taxonomy":"pwb-brand","embeddable":true,"href":"https:\/\/sprememba.si\/SiSQ-Spirits\/wp-json\/wp\/v2\/pwb-brand?post=14821"},{"taxonomy":"product_brand","embeddable":true,"href":"https:\/\/sprememba.si\/SiSQ-Spirits\/wp-json\/wp\/v2\/product_brand?post=14821"},{"taxonomy":"product_cat","embeddable":true,"href":"https:\/\/sprememba.si\/SiSQ-Spirits\/wp-json\/wp\/v2\/product_cat?post=14821"},{"taxonomy":"product_tag","embeddable":true,"href":"https:\/\/sprememba.si\/SiSQ-Spirits\/wp-json\/wp\/v2\/product_tag?post=14821"}],"curies":[{"name":"wp","href":"https:\/\/api.w.org\/{rel}","templated":true}]}}