{"id":15392,"date":"2021-08-31T12:20:58","date_gmt":"2021-08-31T10:20:58","guid":{"rendered":"https:\/\/sprememba.si\/SiSQ-Spirits\/?post_type=product&#038;p=15392"},"modified":"2024-03-03T19:42:58","modified_gmt":"2024-03-03T18:42:58","slug":"cuk-rumeni-muskat","status":"publish","type":"product","link":"https:\/\/sprememba.si\/SiSQ-Spirits\/trgovina\/cuk-rumeni-muskat\/","title":{"rendered":"\u010cuk Rumeni mu\u0161kat"},"content":{"rendered":"<p>\u010cuk Rumeni mu\u0161kat ima izrazito mu\u0161katno cvetico.\u00a0 Pookus po maslenem pi\u0161kotu, fina, mehkobna tekstura. Spremlja lahko tudi zahtevnej\u0161e jedi, ker ni preve\u010d sladko.<\/p>\n<p>Ro\u010dno trgano, 4 dni hladne maceracije v inox posodah.<\/p>\n<p>&nbsp;<\/p>\n<p>Rumeni mu\u0161kat je zahtevna sorta, vino ima izrazito aromo in prijeten okus. Rumeni mu\u0161kat imenujejo \u0161e Mu\u0161kat bijeli, muskat \u017euti, Muscateller gelber, Muscat Bianco ali Mscuat Blanc<\/p>\n","protected":false},"excerpt":{"rendered":"<p>Di\u0161i kot bi prav zdajle jedli mu\u0161katno grozdje. Za gurmansko rabo.<\/p>\n","protected":false},"featured_media":15394,"template":"","meta":{"_price":"8","_stock":"","_tribe_ticket_header":"","_tribe_default_ticket_provider":"","_tribe_ticket_capacity":"0","_ticket_start_date":"","_ticket_end_date":"","_tribe_ticket_show_description":"","_tribe_ticket_show_not_going":false,"_tribe_ticket_use_global_stock":"","_tribe_ticket_global_stock_level":"","_global_stock_mode":"","_global_stock_cap":"","_tribe_rsvp_for_event":"","_tribe_ticket_going_count":"","_tribe_ticket_not_going_count":"","_tribe_tickets_list":"[]","_tribe_ticket_has_attendee_info_fields":false,"jetpack_post_was_ever_published":false,"_tec_slr_enabled":"","_tec_slr_layout":""},"pwb-brand":[2419],"product_brand":[],"product_cat":[955,961],"product_tag":[],"class_list":{"0":"post-15392","1":"product","2":"type-product","3":"status-publish","4":"has-post-thumbnail","6":"pwb-brand-vina-cuk","7":"product_cat-vino","8":"product_cat-belo-vino","10":"first","11":"outofstock","12":"shipping-taxable","13":"purchasable","14":"product-type-simple"},"supplier_id":null,"supplier_sku":"","atum_controlled":true,"out_stock_date":null,"out_stock_threshold":null,"inheritable":false,"inbound_stock":0,"stock_on_hold":0,"sold_today":0,"sales_last_days":0,"reserved_stock":0,"customer_returns":0,"warehouse_damage":0,"lost_in_post":0,"other_logs":0,"out_stock_days":0,"lost_sales":0,"has_location":false,"update_date":"2026-04-17T00:13:45","atum_locations":[],"atum_stock_status":"outofstock","restock_status":false,"low_stock_amount":"","sales_update_date":"2026-04-17T00:13:45","calc_backorders":null,"jetpack_sharing_enabled":true,"jetpack_likes_enabled":true,"brands":[{"id":2419,"name":"Vina \u010cuk","slug":"vina-cuk"}],"_links":{"self":[{"href":"https:\/\/sprememba.si\/SiSQ-Spirits\/wp-json\/wp\/v2\/product\/15392","targetHints":{"allow":["GET"]}}],"collection":[{"href":"https:\/\/sprememba.si\/SiSQ-Spirits\/wp-json\/wp\/v2\/product"}],"about":[{"href":"https:\/\/sprememba.si\/SiSQ-Spirits\/wp-json\/wp\/v2\/types\/product"}],"wp:featuredmedia":[{"embeddable":true,"href":"https:\/\/sprememba.si\/SiSQ-Spirits\/wp-json\/wp\/v2\/media\/15394"}],"wp:attachment":[{"href":"https:\/\/sprememba.si\/SiSQ-Spirits\/wp-json\/wp\/v2\/media?parent=15392"}],"wp:term":[{"taxonomy":"pwb-brand","embeddable":true,"href":"https:\/\/sprememba.si\/SiSQ-Spirits\/wp-json\/wp\/v2\/pwb-brand?post=15392"},{"taxonomy":"product_brand","embeddable":true,"href":"https:\/\/sprememba.si\/SiSQ-Spirits\/wp-json\/wp\/v2\/product_brand?post=15392"},{"taxonomy":"product_cat","embeddable":true,"href":"https:\/\/sprememba.si\/SiSQ-Spirits\/wp-json\/wp\/v2\/product_cat?post=15392"},{"taxonomy":"product_tag","embeddable":true,"href":"https:\/\/sprememba.si\/SiSQ-Spirits\/wp-json\/wp\/v2\/product_tag?post=15392"}],"curies":[{"name":"wp","href":"https:\/\/api.w.org\/{rel}","templated":true}]}}