{"id":1556,"date":"2019-06-06T10:03:05","date_gmt":"2019-06-06T08:03:05","guid":{"rendered":"https:\/\/sprememba.si\/SiSQ-Spirits\/?post_type=product&#038;p=1556"},"modified":"2023-12-12T21:19:13","modified_gmt":"2023-12-12T20:19:13","slug":"bencina-opus-bonum","status":"publish","type":"product","link":"https:\/\/sprememba.si\/SiSQ-Spirits\/trgovina\/bencina-opus-bonum\/","title":{"rendered":"Ben\u010dina Opus Bonum 2018"},"content":{"rendered":"<p>Harmoni\u010dno, prijetno in pitno vino, ki v kozarcu s \u010dasom vse bolj ka\u017ee svoj karakter. Vino je globoke rubinaste barve z vijoli\u010dnimi odtenki. V ustih je vino izrazito sadno, \u0161iroko. Okus ima predvsem po malini in kavo v ozadju, malenkost je tudi poprasto. Odhod je prijeten, saden in sve\u017e. Tanini so mehki.<\/p>\n<p>Cabernet Sauvignon 70 % in Merlot 30 %. Zorenje v barrique sodih 2 leti.<\/p>\n<p>Vino je v kozarcu neprosojne rubinaste barve. Cvetica je predvsem sadna kjer izstopa jagoda, spremljajo jo malina in \u010drni gozdni sade\u017ei. Ko se vino odpre se za\u010duti tudi kava in mle\u010dna \u010dokolada, v sledeh pa \u0161e prijetna zeli\u0161\u010dnost.<\/p>\n<p>Leta 2019 v Gornji Radgoni dobil zlato medaljo.<\/p>\n<p>&nbsp;<\/p>\n","protected":false},"excerpt":{"rendered":"<p>Vino je globoke rubinaste barve z vijoli\u010dnimi odtenki. Cvetica ponudi prijetne zrele \u010drne sade\u017ee in pikantne zaznave. Dozorelo in vabljivo.<\/p>\n<p>&nbsp;<\/p>\n","protected":false},"featured_media":2922,"template":"","meta":{"_price":"17","_stock":"","_tribe_ticket_header":"","_tribe_default_ticket_provider":"","_tribe_ticket_capacity":"5","_ticket_start_date":"","_ticket_end_date":"","_tribe_ticket_show_description":"","_tribe_ticket_show_not_going":false,"_tribe_ticket_use_global_stock":"","_tribe_ticket_global_stock_level":"","_global_stock_mode":"","_global_stock_cap":"","_tribe_rsvp_for_event":"","_tribe_ticket_going_count":"","_tribe_ticket_not_going_count":"","_tribe_tickets_list":"[]","_tribe_ticket_has_attendee_info_fields":false,"jetpack_post_was_ever_published":false,"_tec_slr_enabled":"","_tec_slr_layout":""},"pwb-brand":[1126],"product_brand":[],"product_cat":[955,187],"product_tag":[1312,1302],"class_list":{"0":"post-1556","1":"product","2":"type-product","3":"status-publish","4":"has-post-thumbnail","6":"pwb-brand-vina-bencina","7":"product_cat-vino","8":"product_cat-rdece-vino","9":"product_tag-bencina","10":"product_tag-vipavska-dolina","12":"first","13":"outofstock","14":"shipping-taxable","15":"purchasable","16":"product-type-simple"},"supplier_id":null,"supplier_sku":"","atum_controlled":true,"out_stock_date":null,"out_stock_threshold":null,"inheritable":false,"inbound_stock":0,"stock_on_hold":0,"sold_today":0,"sales_last_days":0,"reserved_stock":0,"customer_returns":0,"warehouse_damage":0,"lost_in_post":0,"other_logs":0,"out_stock_days":0,"lost_sales":0,"has_location":false,"update_date":"2026-04-16T00:12:38","atum_locations":[],"atum_stock_status":"outofstock","restock_status":false,"low_stock_amount":"","sales_update_date":"2026-04-16T00:12:38","calc_backorders":null,"jetpack_sharing_enabled":true,"jetpack_likes_enabled":true,"brands":[{"id":1126,"name":"Vina Ben\u010dina","slug":"vina-bencina"}],"_links":{"self":[{"href":"https:\/\/sprememba.si\/SiSQ-Spirits\/wp-json\/wp\/v2\/product\/1556","targetHints":{"allow":["GET"]}}],"collection":[{"href":"https:\/\/sprememba.si\/SiSQ-Spirits\/wp-json\/wp\/v2\/product"}],"about":[{"href":"https:\/\/sprememba.si\/SiSQ-Spirits\/wp-json\/wp\/v2\/types\/product"}],"wp:featuredmedia":[{"embeddable":true,"href":"https:\/\/sprememba.si\/SiSQ-Spirits\/wp-json\/wp\/v2\/media\/2922"}],"wp:attachment":[{"href":"https:\/\/sprememba.si\/SiSQ-Spirits\/wp-json\/wp\/v2\/media?parent=1556"}],"wp:term":[{"taxonomy":"pwb-brand","embeddable":true,"href":"https:\/\/sprememba.si\/SiSQ-Spirits\/wp-json\/wp\/v2\/pwb-brand?post=1556"},{"taxonomy":"product_brand","embeddable":true,"href":"https:\/\/sprememba.si\/SiSQ-Spirits\/wp-json\/wp\/v2\/product_brand?post=1556"},{"taxonomy":"product_cat","embeddable":true,"href":"https:\/\/sprememba.si\/SiSQ-Spirits\/wp-json\/wp\/v2\/product_cat?post=1556"},{"taxonomy":"product_tag","embeddable":true,"href":"https:\/\/sprememba.si\/SiSQ-Spirits\/wp-json\/wp\/v2\/product_tag?post=1556"}],"curies":[{"name":"wp","href":"https:\/\/api.w.org\/{rel}","templated":true}]}}