{"id":1558,"date":"2019-06-06T10:17:53","date_gmt":"2019-06-06T08:17:53","guid":{"rendered":"https:\/\/sprememba.si\/SiSQ-Spirits\/?post_type=product&#038;p=1558"},"modified":"2022-05-29T12:38:57","modified_gmt":"2022-05-29T10:38:57","slug":"bencina-lepo-rdece","status":"publish","type":"product","link":"https:\/\/sprememba.si\/SiSQ-Spirits\/trgovina\/bencina-lepo-rdece\/","title":{"rendered":"Ben\u010dina Lepo rde\u010de"},"content":{"rendered":"<p>Polsuho rde\u010de vino, z srednje intenzivno aromo. Vino je pridelano s kraj\u0161o maceracijo grozdnih jagod in iz rde\u010de sorte Modri pinot. V aromi prepoznamo sve\u017ee rde\u010de sadje (maline, rde\u010di ribez, jagode). Okus je poln in prijeten, ostanek nepovretega sladkorja nam da ob\u010dutek po zrelem sadju. Aroma se v ustih ponovi in okus traja dolgo.<\/p>\n","protected":false},"excerpt":{"rendered":"<p>Polsuho rde\u010de vino, z srednje intenzivno aromo. Vino je pridelano s kraj\u0161o maceracijo grozdnih jagod in iz rde\u010de sorte Modri pinot. V aromi prepoznamo sve\u017ee rde\u010de sadje (maline, rde\u010di ribez, [&hellip;]<\/p>\n","protected":false},"featured_media":3585,"template":"","meta":{"_price":"6.50","_stock":"-16","_tribe_ticket_header":"","_tribe_default_ticket_provider":"","_tribe_ticket_capacity":"2","_ticket_start_date":"","_ticket_end_date":"","_tribe_ticket_show_description":"","_tribe_ticket_show_not_going":false,"_tribe_ticket_use_global_stock":"","_tribe_ticket_global_stock_level":"","_global_stock_mode":"","_global_stock_cap":"","_tribe_rsvp_for_event":"","_tribe_ticket_going_count":"","_tribe_ticket_not_going_count":"","_tribe_tickets_list":"[]","_tribe_ticket_has_attendee_info_fields":false,"jetpack_post_was_ever_published":false,"_tec_slr_enabled":"","_tec_slr_layout":""},"pwb-brand":[1126],"product_brand":[],"product_cat":[955,187],"product_tag":[1312,1302],"class_list":{"0":"post-1558","1":"product","2":"type-product","3":"status-publish","4":"has-post-thumbnail","6":"pwb-brand-vina-bencina","7":"product_cat-vino","8":"product_cat-rdece-vino","9":"product_tag-bencina","10":"product_tag-vipavska-dolina","12":"first","13":"outofstock","14":"sale","15":"shipping-taxable","16":"purchasable","17":"product-type-simple"},"supplier_id":null,"supplier_sku":"","atum_controlled":true,"out_stock_date":null,"out_stock_threshold":null,"inheritable":false,"inbound_stock":0,"stock_on_hold":2,"sold_today":0,"sales_last_days":0,"reserved_stock":0,"customer_returns":0,"warehouse_damage":0,"lost_in_post":0,"other_logs":0,"out_stock_days":0,"lost_sales":0,"has_location":false,"update_date":"2026-05-06T01:54:13","atum_locations":[],"atum_stock_status":"outofstock","restock_status":false,"low_stock_amount":"","sales_update_date":"2026-05-06T01:54:13","calc_backorders":null,"jetpack_sharing_enabled":true,"jetpack_likes_enabled":true,"brands":[{"id":1126,"name":"Vina Ben\u010dina","slug":"vina-bencina"}],"_links":{"self":[{"href":"https:\/\/sprememba.si\/SiSQ-Spirits\/wp-json\/wp\/v2\/product\/1558","targetHints":{"allow":["GET"]}}],"collection":[{"href":"https:\/\/sprememba.si\/SiSQ-Spirits\/wp-json\/wp\/v2\/product"}],"about":[{"href":"https:\/\/sprememba.si\/SiSQ-Spirits\/wp-json\/wp\/v2\/types\/product"}],"wp:featuredmedia":[{"embeddable":true,"href":"https:\/\/sprememba.si\/SiSQ-Spirits\/wp-json\/wp\/v2\/media\/3585"}],"wp:attachment":[{"href":"https:\/\/sprememba.si\/SiSQ-Spirits\/wp-json\/wp\/v2\/media?parent=1558"}],"wp:term":[{"taxonomy":"pwb-brand","embeddable":true,"href":"https:\/\/sprememba.si\/SiSQ-Spirits\/wp-json\/wp\/v2\/pwb-brand?post=1558"},{"taxonomy":"product_brand","embeddable":true,"href":"https:\/\/sprememba.si\/SiSQ-Spirits\/wp-json\/wp\/v2\/product_brand?post=1558"},{"taxonomy":"product_cat","embeddable":true,"href":"https:\/\/sprememba.si\/SiSQ-Spirits\/wp-json\/wp\/v2\/product_cat?post=1558"},{"taxonomy":"product_tag","embeddable":true,"href":"https:\/\/sprememba.si\/SiSQ-Spirits\/wp-json\/wp\/v2\/product_tag?post=1558"}],"curies":[{"name":"wp","href":"https:\/\/api.w.org\/{rel}","templated":true}]}}