{"id":15658,"date":"2022-01-19T06:54:11","date_gmt":"2022-01-19T05:54:11","guid":{"rendered":"https:\/\/sprememba.si\/SiSQ-Spirits\/?post_type=product&#038;p=15658"},"modified":"2024-01-23T17:38:12","modified_gmt":"2024-01-23T16:38:12","slug":"chocolate-balls-mango-passion-fruit","status":"publish","type":"product","link":"https:\/\/sprememba.si\/SiSQ-Spirits\/en\/trgovina\/chocolate-balls-mango-passion-fruit\/","title":{"rendered":"Chocolate balls &#8211; Mango and passion fruit with white chocolate"},"content":{"rendered":"<p><span class=\"VIiyi\" lang=\"en\"><span class=\"JLqJ4b ChMk0b\" data-language-for-alternatives=\"en\" data-language-to-translate-into=\"sl\" data-phrase-index=\"0\" data-number-of-phrases=\"12\">The seductive aroma of mango combined with the pleasant acidity of passion fruit was captured in the chocolate balls.<\/span> <span class=\"JLqJ4b ChMk0b\" data-language-for-alternatives=\"en\" data-language-to-translate-into=\"sl\" data-phrase-index=\"1\" data-number-of-phrases=\"12\">For even greater pleasure, they were coated with white chocolate with a hint of lime, which harmoniously rounds off the sensation of flavors &#8211; a gourmet delight that conjures up summer even on a rainy day.<\/span> <\/span><\/p>\n<p><span class=\"VIiyi\" lang=\"en\"><span class=\"JLqJ4b ChMk0b\" data-language-for-alternatives=\"en\" data-language-to-translate-into=\"sl\" data-phrase-index=\"3\" data-number-of-phrases=\"12\">Mango provides pleasant fruitiness and sweetness, while passion fruit provides freshness and balanced acidity.<\/span> <span class=\"JLqJ4b ChMk0b\" data-language-for-alternatives=\"en\" data-language-to-translate-into=\"sl\" data-phrase-index=\"4\" data-number-of-phrases=\"12\">All this is upgraded with a special white chocolate with a hint of lime.<\/span> <span class=\"JLqJ4b ChMk0b\" data-language-for-alternatives=\"en\" data-language-to-translate-into=\"sl\" data-phrase-index=\"6\" data-number-of-phrases=\"12\">Unique aromas<\/span> <span class=\"JLqJ4b ChMk0b\" data-language-for-alternatives=\"en\" data-language-to-translate-into=\"sl\" data-phrase-index=\"8\" data-number-of-phrases=\"12\">and the flavors complement and inspire, but as always, they are free of preservatives or other artificial additives, so each bead is a real experience.<\/span> <\/span><\/p>\n<p><span class=\"VIiyi\" lang=\"en\"><span class=\"JLqJ4b ChMk0b\" data-language-for-alternatives=\"en\" data-language-to-translate-into=\"sl\" data-phrase-index=\"10\" data-number-of-phrases=\"12\">Taste the fresh fruit sensation!<\/span> <span class=\"JLqJ4b ChMk0b\" data-language-for-alternatives=\"en\" data-language-to-translate-into=\"sl\" data-phrase-index=\"11\" data-number-of-phrases=\"12\">You won\u2019t be able to resist them once you try them &#8211; one is none<\/span><\/span><\/p>\n<p>&nbsp;<\/p>\n<p>&nbsp;<\/p>\n","protected":false},"excerpt":{"rendered":"<p><span style=\"color: #ff6600;\">OMEJENA SERIJA!<\/span><\/p>\n<p>\u010cokoladne kroglice\u00a0<strong>mango &amp; pasijonka<\/strong> so sadje na tretjo potenco \u2013 tako bi lahko opisali sadno senzacijo, ki nas prevzame, ko ugriznemo vanje.<\/p>\n<p>Gurmanske oran\u017ene kroglice bele \u010dokolade skrivajo super sadno sredico.<\/p>\n<p>Sanjske kroglice so zapeljiv trendovski posladek in popolno darilo za vsakega \u010dokoholika, 125 g.<\/p>\n","protected":false},"featured_media":15338,"template":"","meta":{"_uag_custom_page_level_css":"","_price":"5","_stock":"0","_tribe_ticket_header":"","_tribe_default_ticket_provider":"","_tribe_ticket_capacity":"5","_ticket_start_date":"","_ticket_end_date":"","_tribe_ticket_show_description":"","_tribe_ticket_show_not_going":false,"_tribe_ticket_use_global_stock":"","_tribe_ticket_global_stock_level":"","_global_stock_mode":"","_global_stock_cap":"","_tribe_rsvp_for_event":"","_tribe_ticket_going_count":"","_tribe_ticket_not_going_count":"","_tribe_tickets_list":"[]","_tribe_ticket_has_attendee_info_fields":false,"_tec_slr_enabled":"","_tec_slr_layout":""},"pwb-brand":[2101],"product_brand":[],"product_cat":[1144,2091],"product_tag":[],"class_list":{"0":"post-15658","1":"product","2":"type-product","3":"status-publish","4":"has-post-thumbnail","6":"pwb-brand-lucifer-chocolate","7":"product_cat-other","8":"product_cat-chocolate","10":"first","11":"onbackorder","12":"sale","13":"shipping-taxable","14":"purchasable","15":"product-type-simple"},"supplier_id":null,"supplier_sku":"","atum_controlled":true,"out_stock_date":null,"out_stock_threshold":null,"inheritable":false,"inbound_stock":0,"stock_on_hold":0,"sold_today":0,"sales_last_days":0,"reserved_stock":0,"customer_returns":0,"warehouse_damage":0,"lost_in_post":0,"other_logs":0,"out_stock_days":0,"lost_sales":0,"has_location":false,"update_date":"2026-05-13T00:03:22","atum_locations":[],"atum_stock_status":"onbackorder","restock_status":false,"low_stock_amount":"","sales_update_date":"2026-05-13T00:03:22","calc_backorders":0,"uagb_featured_image_src":{"full":["https:\/\/i0.wp.com\/sprememba.si\/SiSQ-Spirits\/wp-content\/uploads\/2021\/07\/COKOLADNE-KROGLICE-MANGO-LUCIFER.png?fit=800%2C800&ssl=1",800,800,false],"thumbnail":["https:\/\/i0.wp.com\/sprememba.si\/SiSQ-Spirits\/wp-content\/uploads\/2021\/07\/COKOLADNE-KROGLICE-MANGO-LUCIFER.png?resize=150%2C150&ssl=1",150,150,true],"medium":["https:\/\/i0.wp.com\/sprememba.si\/SiSQ-Spirits\/wp-content\/uploads\/2021\/07\/COKOLADNE-KROGLICE-MANGO-LUCIFER.png?fit=300%2C300&ssl=1",300,300,true],"medium_large":["https:\/\/i0.wp.com\/sprememba.si\/SiSQ-Spirits\/wp-content\/uploads\/2021\/07\/COKOLADNE-KROGLICE-MANGO-LUCIFER.png?fit=768%2C768&ssl=1",768,768,true],"large":["https:\/\/i0.wp.com\/sprememba.si\/SiSQ-Spirits\/wp-content\/uploads\/2021\/07\/COKOLADNE-KROGLICE-MANGO-LUCIFER.png?fit=800%2C800&ssl=1",800,800,true],"1536x1536":["https:\/\/i0.wp.com\/sprememba.si\/SiSQ-Spirits\/wp-content\/uploads\/2021\/07\/COKOLADNE-KROGLICE-MANGO-LUCIFER.png?fit=800%2C800&ssl=1",800,800,true],"2048x2048":["https:\/\/i0.wp.com\/sprememba.si\/SiSQ-Spirits\/wp-content\/uploads\/2021\/07\/COKOLADNE-KROGLICE-MANGO-LUCIFER.png?fit=800%2C800&ssl=1",800,800,true],"woocommerce_thumbnail":["https:\/\/i0.wp.com\/sprememba.si\/SiSQ-Spirits\/wp-content\/uploads\/2021\/07\/COKOLADNE-KROGLICE-MANGO-LUCIFER.png?resize=324%2C324&ssl=1",324,324,true],"woocommerce_single":["https:\/\/i0.wp.com\/sprememba.si\/SiSQ-Spirits\/wp-content\/uploads\/2021\/07\/COKOLADNE-KROGLICE-MANGO-LUCIFER.png?fit=416%2C416&ssl=1",416,416,true],"woocommerce_gallery_thumbnail":["https:\/\/i0.wp.com\/sprememba.si\/SiSQ-Spirits\/wp-content\/uploads\/2021\/07\/COKOLADNE-KROGLICE-MANGO-LUCIFER.png?resize=100%2C100&ssl=1",100,100,true],"variation_swatches_image_size":["https:\/\/i0.wp.com\/sprememba.si\/SiSQ-Spirits\/wp-content\/uploads\/2021\/07\/COKOLADNE-KROGLICE-MANGO-LUCIFER.png?resize=50%2C50&ssl=1",50,50,true],"variation_swatches_tooltip_size":["https:\/\/i0.wp.com\/sprememba.si\/SiSQ-Spirits\/wp-content\/uploads\/2021\/07\/COKOLADNE-KROGLICE-MANGO-LUCIFER.png?resize=100%2C100&ssl=1",100,100,true]},"uagb_author_info":{"display_name":"SiSQSpirits","author_link":"https:\/\/sprememba.si\/SiSQ-Spirits\/author\/"},"uagb_comment_info":0,"uagb_excerpt":"OMEJENA SERIJA! \u010cokoladne kroglice\u00a0mango &amp; pasijonka so sadje na tretjo potenco \u2013 tako bi lahko opisali sadno senzacijo, ki nas prevzame, ko ugriznemo vanje. Gurmanske oran\u017ene kroglice bele \u010dokolade skrivajo super sadno sredico. Sanjske kroglice so zapeljiv trendovski posladek in popolno darilo za vsakega \u010dokoholika, 125 g.","jetpack_sharing_enabled":true,"jetpack_likes_enabled":true,"brands":[{"id":2101,"name":"Lucifer Chocolate","slug":"lucifer-chocolate"}],"_links":{"self":[{"href":"https:\/\/sprememba.si\/SiSQ-Spirits\/wp-json\/wp\/v2\/product\/15658","targetHints":{"allow":["GET"]}}],"collection":[{"href":"https:\/\/sprememba.si\/SiSQ-Spirits\/wp-json\/wp\/v2\/product"}],"about":[{"href":"https:\/\/sprememba.si\/SiSQ-Spirits\/wp-json\/wp\/v2\/types\/product"}],"wp:featuredmedia":[{"embeddable":true,"href":"https:\/\/sprememba.si\/SiSQ-Spirits\/wp-json\/wp\/v2\/media\/15338"}],"wp:attachment":[{"href":"https:\/\/sprememba.si\/SiSQ-Spirits\/wp-json\/wp\/v2\/media?parent=15658"}],"wp:term":[{"taxonomy":"pwb-brand","embeddable":true,"href":"https:\/\/sprememba.si\/SiSQ-Spirits\/wp-json\/wp\/v2\/pwb-brand?post=15658"},{"taxonomy":"product_brand","embeddable":true,"href":"https:\/\/sprememba.si\/SiSQ-Spirits\/wp-json\/wp\/v2\/product_brand?post=15658"},{"taxonomy":"product_cat","embeddable":true,"href":"https:\/\/sprememba.si\/SiSQ-Spirits\/wp-json\/wp\/v2\/product_cat?post=15658"},{"taxonomy":"product_tag","embeddable":true,"href":"https:\/\/sprememba.si\/SiSQ-Spirits\/wp-json\/wp\/v2\/product_tag?post=15658"}],"curies":[{"name":"wp","href":"https:\/\/api.w.org\/{rel}","templated":true}]}}