{"id":15825,"date":"2022-07-05T13:38:19","date_gmt":"2022-07-05T11:38:19","guid":{"rendered":"https:\/\/sprememba.si\/SiSQ-Spirits\/?post_type=product&#038;p=15825"},"modified":"2025-09-01T13:40:30","modified_gmt":"2025-09-01T11:40:30","slug":"triple-ggg-gin","status":"publish","type":"product","link":"https:\/\/sprememba.si\/SiSQ-Spirits\/trgovina\/triple-ggg-gin\/","title":{"rendered":"Triple GGG gin"},"content":{"rendered":"<p>Jabolka iz lastnega nasada oberejo, predelajo in po kon\u010dani fermentaciji dobijo jabol\u010dno vino. Sledili sta dve zaporedni destilaciji, s katerima se dobi jabol\u010dno \u017eganje jakosti 75-80 % vol.<\/p>\n<p>V tretji destilaciji se dobljena osnova nadgradi s tremi glavnimi sestavinami \u00a0oz. dragulji &#8211; brinove jagode, koriander in citrusi. Nato se doda \u0161e korenina angelike in sivka.<\/p>\n<p>Gin vsebuje eteri\u010dna olja, ki lahko ob ohladitvi povzro\u010dijo motnost, saj gin ni hladno filtriran. Zaradi vsebnosti naravnih sestavin slednje razumemo kot znak kvalitete. Gin je na koncu ustekleni\u010den s 43% vol alkohola.<\/p>\n<p>Preprosta kombinacija treh glavnih sestavin oz. draguljev (\u00bbgem\u00ab) jih je navdihnila, da so gin poimenovali Gamma Gem Gin ali na kratko Triple GGG<\/p>\n","protected":false},"excerpt":{"rendered":"<p>Nekaj posebnega: Iz toukca (jabol\u010dnika) narejen gin<\/p>\n","protected":false},"featured_media":15829,"template":"","meta":{"_price":"24","_stock":"1","_tribe_ticket_header":"","_tribe_default_ticket_provider":"","_tribe_ticket_capacity":"4","_ticket_start_date":"","_ticket_end_date":"","_tribe_ticket_show_description":"","_tribe_ticket_show_not_going":false,"_tribe_ticket_use_global_stock":"","_tribe_ticket_global_stock_level":"","_global_stock_mode":"","_global_stock_cap":"","_tribe_rsvp_for_event":"","_tribe_ticket_going_count":"","_tribe_ticket_not_going_count":"","_tribe_tickets_list":"[]","_tribe_ticket_has_attendee_info_fields":false,"jetpack_post_was_ever_published":false,"_tec_slr_enabled":"","_tec_slr_layout":""},"pwb-brand":[],"product_brand":[],"product_cat":[1239,1620,865],"product_tag":[],"class_list":{"0":"post-15825","1":"product","2":"type-product","3":"status-publish","4":"has-post-thumbnail","6":"product_cat-slovenski-gin","7":"product_cat-destilati","8":"product_cat-gin","10":"first","11":"instock","12":"sale","13":"shipping-taxable","14":"purchasable","15":"product-type-simple"},"supplier_id":16017,"supplier_sku":"","atum_controlled":true,"out_stock_date":null,"out_stock_threshold":null,"inheritable":false,"inbound_stock":0,"stock_on_hold":0,"sold_today":0,"sales_last_days":0,"reserved_stock":0,"customer_returns":0,"warehouse_damage":0,"lost_in_post":0,"other_logs":0,"out_stock_days":0,"lost_sales":0,"has_location":false,"update_date":"2026-04-23T00:33:39","atum_locations":[],"atum_stock_status":"instock","restock_status":false,"low_stock_amount":"","sales_update_date":"2026-04-23T00:33:39","calc_backorders":0,"jetpack_sharing_enabled":true,"jetpack_likes_enabled":true,"brands":[],"_links":{"self":[{"href":"https:\/\/sprememba.si\/SiSQ-Spirits\/wp-json\/wp\/v2\/product\/15825","targetHints":{"allow":["GET"]}}],"collection":[{"href":"https:\/\/sprememba.si\/SiSQ-Spirits\/wp-json\/wp\/v2\/product"}],"about":[{"href":"https:\/\/sprememba.si\/SiSQ-Spirits\/wp-json\/wp\/v2\/types\/product"}],"wp:featuredmedia":[{"embeddable":true,"href":"https:\/\/sprememba.si\/SiSQ-Spirits\/wp-json\/wp\/v2\/media\/15829"}],"wp:attachment":[{"href":"https:\/\/sprememba.si\/SiSQ-Spirits\/wp-json\/wp\/v2\/media?parent=15825"}],"wp:term":[{"taxonomy":"pwb-brand","embeddable":true,"href":"https:\/\/sprememba.si\/SiSQ-Spirits\/wp-json\/wp\/v2\/pwb-brand?post=15825"},{"taxonomy":"product_brand","embeddable":true,"href":"https:\/\/sprememba.si\/SiSQ-Spirits\/wp-json\/wp\/v2\/product_brand?post=15825"},{"taxonomy":"product_cat","embeddable":true,"href":"https:\/\/sprememba.si\/SiSQ-Spirits\/wp-json\/wp\/v2\/product_cat?post=15825"},{"taxonomy":"product_tag","embeddable":true,"href":"https:\/\/sprememba.si\/SiSQ-Spirits\/wp-json\/wp\/v2\/product_tag?post=15825"}],"curies":[{"name":"wp","href":"https:\/\/api.w.org\/{rel}","templated":true}]}}