{"id":16905,"date":"2024-12-13T13:43:26","date_gmt":"2024-12-13T12:43:26","guid":{"rendered":"https:\/\/sprememba.si\/SiSQ-Spirits\/?post_type=product&#038;p=16905"},"modified":"2024-12-13T14:02:26","modified_gmt":"2024-12-13T13:02:26","slug":"barcelo-anejo-rum","status":"publish","type":"product","link":"https:\/\/sprememba.si\/SiSQ-Spirits\/trgovina\/barcelo-anejo-rum\/","title":{"rendered":"Barcelo Anejo rum"},"content":{"rendered":"<p>Barcel\u00f3 A\u00f1ejo je vrhunski rum iz Dominikanske republike, ki je znan po svoji kakovosti in bogatem okusu. Pridobljen je iz sve\u017eega soka, ekstrahiranega iz sladkornega trsa, in staran \u0161tiri leta v hrastovih sodih, ki so prej vsebovali bourbon. Ima svetlo jantarno barvo in zapeljive vonjave stopljenega karamele, z izrazitimi notami popra in tobaka. Okus je suh, s sadnimi notami in rahlo pikantnim pookusom. Barcel\u00f3 A\u00f1ejo je idealen za kombiniranje s kola pija\u010do ali kot sestavina v koktajlih.<\/p>\n<p>Okus: Mehko in sladko, z notami karamele, vaniljine in suhega sadja.<br \/>\nNote: Karamela, vaniljina, in rahlo za\u010dinjene note.<br \/>\nVonj: Prijetno sladek z aromami karamele, vaniljine in suhega sadja.<br \/>\nStarost: 3-5 let<br \/>\nSodi: ex-burbon ameri\u0161ki beli hrastovi sodi<\/p>\n<p style=\"margin: 0in; font-family: Calibri; font-size: 11.0pt;\">\n","protected":false},"excerpt":{"rendered":"<p>Narejen za me\u0161anje, odli\u010den tudi sam<\/p>\n","protected":false},"featured_media":16906,"template":"","meta":{"_price":"19.90","_stock":"10","_tribe_ticket_header":"","_tribe_default_ticket_provider":"","_tribe_ticket_capacity":"10","_ticket_start_date":"","_ticket_end_date":"","_tribe_ticket_show_description":"","_tribe_ticket_show_not_going":false,"_tribe_ticket_use_global_stock":"","_tribe_ticket_global_stock_level":"","_global_stock_mode":"","_global_stock_cap":"","_tribe_rsvp_for_event":"","_tribe_ticket_going_count":"","_tribe_ticket_not_going_count":"","_tribe_tickets_list":"[]","_tribe_ticket_has_attendee_info_fields":false,"jetpack_post_was_ever_published":false,"_tec_slr_enabled":"","_tec_slr_layout":""},"pwb-brand":[2592],"product_brand":[],"product_cat":[1620,2590],"product_tag":[],"class_list":{"0":"post-16905","1":"product","2":"type-product","3":"status-publish","4":"has-post-thumbnail","6":"pwb-brand-distillery-barcelo","7":"product_cat-destilati","8":"product_cat-rum","10":"first","11":"instock","12":"shipping-taxable","13":"purchasable","14":"product-type-simple"},"supplier_id":null,"supplier_sku":"","atum_controlled":true,"out_stock_date":null,"out_stock_threshold":null,"inheritable":false,"inbound_stock":0,"stock_on_hold":0,"sold_today":0,"sales_last_days":0,"reserved_stock":0,"customer_returns":0,"warehouse_damage":0,"lost_in_post":0,"other_logs":0,"out_stock_days":0,"lost_sales":0,"has_location":false,"update_date":"2026-05-02T01:48:32","atum_locations":[],"atum_stock_status":"instock","restock_status":false,"low_stock_amount":"","sales_update_date":"2026-05-02T01:48:32","calc_backorders":null,"jetpack_sharing_enabled":true,"jetpack_likes_enabled":true,"brands":[{"id":2592,"name":"Distillery Barcelo","slug":"distillery-barcelo"}],"_links":{"self":[{"href":"https:\/\/sprememba.si\/SiSQ-Spirits\/wp-json\/wp\/v2\/product\/16905","targetHints":{"allow":["GET"]}}],"collection":[{"href":"https:\/\/sprememba.si\/SiSQ-Spirits\/wp-json\/wp\/v2\/product"}],"about":[{"href":"https:\/\/sprememba.si\/SiSQ-Spirits\/wp-json\/wp\/v2\/types\/product"}],"wp:featuredmedia":[{"embeddable":true,"href":"https:\/\/sprememba.si\/SiSQ-Spirits\/wp-json\/wp\/v2\/media\/16906"}],"wp:attachment":[{"href":"https:\/\/sprememba.si\/SiSQ-Spirits\/wp-json\/wp\/v2\/media?parent=16905"}],"wp:term":[{"taxonomy":"pwb-brand","embeddable":true,"href":"https:\/\/sprememba.si\/SiSQ-Spirits\/wp-json\/wp\/v2\/pwb-brand?post=16905"},{"taxonomy":"product_brand","embeddable":true,"href":"https:\/\/sprememba.si\/SiSQ-Spirits\/wp-json\/wp\/v2\/product_brand?post=16905"},{"taxonomy":"product_cat","embeddable":true,"href":"https:\/\/sprememba.si\/SiSQ-Spirits\/wp-json\/wp\/v2\/product_cat?post=16905"},{"taxonomy":"product_tag","embeddable":true,"href":"https:\/\/sprememba.si\/SiSQ-Spirits\/wp-json\/wp\/v2\/product_tag?post=16905"}],"curies":[{"name":"wp","href":"https:\/\/api.w.org\/{rel}","templated":true}]}}