{"id":17092,"date":"2025-04-29T14:47:28","date_gmt":"2025-04-29T12:47:28","guid":{"rendered":"https:\/\/sprememba.si\/SiSQ-Spirits\/?post_type=product&#038;p=17092"},"modified":"2025-04-30T10:26:28","modified_gmt":"2025-04-30T08:26:28","slug":"slovenska-vinska-zgodba","status":"publish","type":"product","link":"https:\/\/sprememba.si\/SiSQ-Spirits\/trgovina\/slovenska-vinska-zgodba\/","title":{"rendered":"Slovenska vinska zgodba"},"content":{"rendered":"<p>Degustacija vina:<\/p>\n<ul>\n<li>traja pribli\u017eno 1 h ali ve\u010d.<\/li>\n<li>vodi sommelier in WSET certificirana oseba<\/li>\n<li>zgodovina<\/li>\n<li>prigrizki<\/li>\n<\/ul>\n<p>\u0160t. udele\u017eencev: 1-10<br \/>\nZa skupino ve\u010djo od 10 oseb veljajo ni\u017eje cene ali \u010de \u017eelite \u0161e dodatno ponudbo nas pokli\u010dite.<\/p>\n<p>Opozorilo: le za osebe, ki so starej\u0161e od 18. let<\/p>\n<p>kraj: sede\u017e Enoteke Mozirje ali po dogovoru<\/p>\n","protected":false},"excerpt":{"rendered":"<p>Vinski raj za vse ljubitelje vina! Prepustite se u\u017eitkom ob oku\u0161anju najbolj\u0161ih slovenskih vin.<br \/>\nNa\u0161a strokovna ekipa vas bo popeljala skozi zgodbo vsakega vina, od vinogradov do kozarca. Popolna izbira za pare, ki \u017eelijo poglobiti svoje vinsko znanje, ali skupine, ki i\u0161\u010dejo spro\u0161\u010deno in zabavno dru\u017eenje.<\/p>\n","protected":false},"featured_media":17071,"template":"","meta":{"_price":"9","_stock":"","_tribe_ticket_header":"","_tribe_default_ticket_provider":"","_tribe_ticket_capacity":"0","_ticket_start_date":"","_ticket_end_date":"","_tribe_ticket_show_description":"","_tribe_ticket_show_not_going":false,"_tribe_ticket_use_global_stock":"","_tribe_ticket_global_stock_level":"","_global_stock_mode":"","_global_stock_cap":"","_tribe_rsvp_for_event":"","_tribe_ticket_going_count":"","_tribe_ticket_not_going_count":"","_tribe_tickets_list":"[]","_tribe_ticket_has_attendee_info_fields":false,"jetpack_post_was_ever_published":false,"_tec_slr_enabled":"","_tec_slr_layout":""},"pwb-brand":[2037],"product_brand":[],"product_cat":[2024],"product_tag":[],"class_list":{"0":"post-17092","1":"product","2":"type-product","3":"status-publish","4":"has-post-thumbnail","6":"pwb-brand-enoteka-mozirje","7":"product_cat-degustacija","9":"first","10":"instock","11":"shipping-taxable","12":"purchasable","13":"product-type-variable"},"supplier_id":null,"supplier_sku":"","atum_controlled":true,"out_stock_date":null,"out_stock_threshold":null,"inheritable":true,"inbound_stock":null,"stock_on_hold":0,"sold_today":0,"sales_last_days":0,"reserved_stock":null,"customer_returns":null,"warehouse_damage":null,"lost_in_post":null,"other_logs":null,"out_stock_days":0,"lost_sales":0,"has_location":false,"update_date":"2026-04-16T00:12:37","atum_locations":[],"atum_stock_status":"instock","restock_status":false,"low_stock_amount":"","sales_update_date":"2026-04-16T00:12:37","calc_backorders":null,"jetpack_sharing_enabled":true,"jetpack_likes_enabled":true,"brands":[{"id":2037,"name":"Enoteka Mozirje","slug":"enoteka-mozirje"}],"_links":{"self":[{"href":"https:\/\/sprememba.si\/SiSQ-Spirits\/wp-json\/wp\/v2\/product\/17092","targetHints":{"allow":["GET"]}}],"collection":[{"href":"https:\/\/sprememba.si\/SiSQ-Spirits\/wp-json\/wp\/v2\/product"}],"about":[{"href":"https:\/\/sprememba.si\/SiSQ-Spirits\/wp-json\/wp\/v2\/types\/product"}],"wp:featuredmedia":[{"embeddable":true,"href":"https:\/\/sprememba.si\/SiSQ-Spirits\/wp-json\/wp\/v2\/media\/17071"}],"wp:attachment":[{"href":"https:\/\/sprememba.si\/SiSQ-Spirits\/wp-json\/wp\/v2\/media?parent=17092"}],"wp:term":[{"taxonomy":"pwb-brand","embeddable":true,"href":"https:\/\/sprememba.si\/SiSQ-Spirits\/wp-json\/wp\/v2\/pwb-brand?post=17092"},{"taxonomy":"product_brand","embeddable":true,"href":"https:\/\/sprememba.si\/SiSQ-Spirits\/wp-json\/wp\/v2\/product_brand?post=17092"},{"taxonomy":"product_cat","embeddable":true,"href":"https:\/\/sprememba.si\/SiSQ-Spirits\/wp-json\/wp\/v2\/product_cat?post=17092"},{"taxonomy":"product_tag","embeddable":true,"href":"https:\/\/sprememba.si\/SiSQ-Spirits\/wp-json\/wp\/v2\/product_tag?post=17092"}],"curies":[{"name":"wp","href":"https:\/\/api.w.org\/{rel}","templated":true}]}}