{"id":17215,"date":"2025-08-05T17:12:31","date_gmt":"2025-08-05T15:12:31","guid":{"rendered":"https:\/\/sprememba.si\/SiSQ-Spirits\/?post_type=product&#038;p=17215"},"modified":"2026-04-28T03:15:31","modified_gmt":"2026-04-28T01:15:31","slug":"gineral-gin-jolly-02-l","status":"publish","type":"product","link":"https:\/\/sprememba.si\/SiSQ-Spirits\/trgovina\/gineral-gin-jolly-02-l\/","title":{"rendered":"Gineral gin Jolly 0,2 l"},"content":{"rendered":"<p>Do\u017eivite gin, ki ni le pija\u010da, temve\u010d vizualna in okusna izku\u0161nja.<br \/>\nGineral Gin Jolly je ro\u010dno izdelan slovenski gin, obarvan z jedilnimi barvami, v katerih se ble\u0161\u010de\u010di biseri prelivajo kot \u010darobni vrelec. Popoln za ustvarjanje koktajlov z &#8220;wow&#8221; u\u010dinkom \u2013 od klasi\u010dnega gin tonika do domiselnih kreacij, ki navdu\u0161ijo na vsakem dogodku.<\/p>\n<p>Zakaj izbrati Gineral Gin Jolly?<\/p>\n<p>\ud83c\udf08 Na voljo v ve\u010d barvnih odtenkih<br \/>\n\ud83c\udf78 Idealno za koktajle in gin tonike<br \/>\n\ud83c\uddf8\ud83c\uddee Slovensko poreklo in ro\u010dna izdelava<br \/>\n\ud83c\udfc5 Ve\u010dkrat nagrajena kakovost<br \/>\n\ud83c\udf81 Na voljo tudi v darilnih paketih<\/p>\n<p>Dodajte \u010darovnijo v svojo zbirko \u2013 izberite svoj odtenek u\u017eitka in naro\u010dite Gineral Gin Jolly \u0161e danes!<\/p>\n","protected":false},"excerpt":{"rendered":"<p>Ve\u010dkrat nagrajeni slovenski gin, obarvan z jedilnimi barvami, v katerih se ble\u0161\u010de\u010di biseri prelivajo kot \u010darobni vrelec<\/p>\n","protected":false},"featured_media":17223,"template":"","meta":{"_price":"17","_stock":"","_tribe_ticket_header":"","_tribe_default_ticket_provider":"","_tribe_ticket_capacity":"0","_ticket_start_date":"","_ticket_end_date":"","_tribe_ticket_show_description":"","_tribe_ticket_show_not_going":false,"_tribe_ticket_use_global_stock":"","_tribe_ticket_global_stock_level":"","_global_stock_mode":"","_global_stock_cap":"","_tribe_rsvp_for_event":"","_tribe_ticket_going_count":"","_tribe_ticket_not_going_count":"","_tribe_tickets_list":"[]","_tribe_ticket_has_attendee_info_fields":false,"jetpack_post_was_ever_published":false,"_tec_slr_enabled":"","_tec_slr_layout":""},"pwb-brand":[2689],"product_brand":[3114],"product_cat":[1620,865,1239],"product_tag":[],"class_list":{"0":"post-17215","1":"product","2":"type-product","3":"status-publish","4":"has-post-thumbnail","6":"pwb-brand-gineral-slovenija","7":"product_brand-gineral-slovenija","8":"product_cat-destilati","9":"product_cat-gin","10":"product_cat-slovenski-gin","12":"first","13":"instock","14":"featured","15":"shipping-taxable","16":"purchasable","17":"product-type-variable"},"supplier_id":null,"supplier_sku":"","atum_controlled":true,"out_stock_date":null,"out_stock_threshold":null,"inheritable":true,"inbound_stock":null,"stock_on_hold":0,"sold_today":0,"sales_last_days":0,"reserved_stock":null,"customer_returns":null,"warehouse_damage":null,"lost_in_post":null,"other_logs":null,"out_stock_days":0,"lost_sales":0,"has_location":false,"update_date":"2026-04-28T01:15:27","atum_locations":[],"atum_stock_status":"instock","restock_status":false,"low_stock_amount":"","sales_update_date":"2026-04-28T01:15:27","calc_backorders":null,"jetpack_sharing_enabled":true,"jetpack_likes_enabled":true,"brands":[{"id":2689,"name":"Gineral\u00ae Slovenija","slug":"gineral-slovenija"}],"_links":{"self":[{"href":"https:\/\/sprememba.si\/SiSQ-Spirits\/wp-json\/wp\/v2\/product\/17215","targetHints":{"allow":["GET"]}}],"collection":[{"href":"https:\/\/sprememba.si\/SiSQ-Spirits\/wp-json\/wp\/v2\/product"}],"about":[{"href":"https:\/\/sprememba.si\/SiSQ-Spirits\/wp-json\/wp\/v2\/types\/product"}],"wp:featuredmedia":[{"embeddable":true,"href":"https:\/\/sprememba.si\/SiSQ-Spirits\/wp-json\/wp\/v2\/media\/17223"}],"wp:attachment":[{"href":"https:\/\/sprememba.si\/SiSQ-Spirits\/wp-json\/wp\/v2\/media?parent=17215"}],"wp:term":[{"taxonomy":"pwb-brand","embeddable":true,"href":"https:\/\/sprememba.si\/SiSQ-Spirits\/wp-json\/wp\/v2\/pwb-brand?post=17215"},{"taxonomy":"product_brand","embeddable":true,"href":"https:\/\/sprememba.si\/SiSQ-Spirits\/wp-json\/wp\/v2\/product_brand?post=17215"},{"taxonomy":"product_cat","embeddable":true,"href":"https:\/\/sprememba.si\/SiSQ-Spirits\/wp-json\/wp\/v2\/product_cat?post=17215"},{"taxonomy":"product_tag","embeddable":true,"href":"https:\/\/sprememba.si\/SiSQ-Spirits\/wp-json\/wp\/v2\/product_tag?post=17215"}],"curies":[{"name":"wp","href":"https:\/\/api.w.org\/{rel}","templated":true}]}}