{"id":17292,"date":"2025-08-18T12:37:58","date_gmt":"2025-08-18T10:37:58","guid":{"rendered":"https:\/\/sprememba.si\/SiSQ-Spirits\/?post_type=product&#038;p=17292"},"modified":"2025-08-27T12:53:57","modified_gmt":"2025-08-27T10:53:57","slug":"bitter-lemon-marolt","status":"publish","type":"product","link":"https:\/\/sprememba.si\/SiSQ-Spirits\/trgovina\/bitter-lemon-marolt\/","title":{"rendered":"Bitter lemon Marolt"},"content":{"rendered":"<p dir=\"auto\">Pija\u010da Bitter Lemon podjetja Pija\u010de Marolt iz Mozirja je osve\u017eilna brezalkoholna gazirana pija\u010da, ki jo odlikuje zna\u010dilen grenko-kisli okus, dose\u017een z uporabo limoninega soka in grenivke.<\/p>\n<p dir=\"auto\">Za vse, ki imajo raje manj sladke pija\u010de. Priporo\u010da se u\u017eivanje ohlajene pija\u010de, po odprtju pa jo je treba hraniti v hladilniku in porabiti v 3-4 dneh. Na voljo posamezno ali v vezu 12 plastenk.<\/p>\n<p dir=\"auto\">Pija\u010de Marolt so izdelane iz kakovostnih sestavin slovenskih dobaviteljev, voda pa izvira iz neokrnjene narave Zgornje Savinjske doline.<\/p>\n<p dir=\"auto\">Bitter lemon je priljubljen kot samostojna pija\u010da ali v koktajlih npr. z ginom ali vodko.<\/p>\n","protected":false},"excerpt":{"rendered":"<p>Bitter lemon je osve\u017eilna pija\u010da z okusom grenivke in limone<\/p>\n","protected":false},"featured_media":17296,"template":"","meta":{"_price":"0.7","_stock":"","_tribe_ticket_header":"","_tribe_default_ticket_provider":"","_tribe_ticket_capacity":"0","_ticket_start_date":"","_ticket_end_date":"","_tribe_ticket_show_description":"","_tribe_ticket_show_not_going":false,"_tribe_ticket_use_global_stock":"","_tribe_ticket_global_stock_level":"","_global_stock_mode":"","_global_stock_cap":"","_tribe_rsvp_for_event":"","_tribe_ticket_going_count":"","_tribe_ticket_not_going_count":"","_tribe_tickets_list":"[]","_tribe_ticket_has_attendee_info_fields":false,"jetpack_post_was_ever_published":false,"_tec_slr_enabled":"","_tec_slr_layout":""},"pwb-brand":[2043],"product_brand":[],"product_cat":[2002,372],"product_tag":[],"class_list":{"0":"post-17292","1":"product","2":"type-product","3":"status-publish","4":"has-post-thumbnail","6":"pwb-brand-marolt","7":"product_cat-brezalkoholna-pijaca","8":"product_cat-drugo","10":"first","11":"instock","12":"shipping-taxable","13":"purchasable","14":"product-type-simple"},"supplier_id":null,"supplier_sku":"","atum_controlled":true,"out_stock_date":null,"out_stock_threshold":null,"inheritable":false,"inbound_stock":null,"stock_on_hold":0,"sold_today":0,"sales_last_days":0,"reserved_stock":null,"customer_returns":null,"warehouse_damage":null,"lost_in_post":null,"other_logs":null,"out_stock_days":0,"lost_sales":0,"has_location":false,"update_date":"2026-04-15T00:12:34","atum_locations":[],"atum_stock_status":"instock","restock_status":false,"low_stock_amount":"","sales_update_date":"2026-04-15T00:12:34","calc_backorders":null,"jetpack_sharing_enabled":true,"jetpack_likes_enabled":true,"brands":[{"id":2043,"name":"Marolt","slug":"marolt"}],"_links":{"self":[{"href":"https:\/\/sprememba.si\/SiSQ-Spirits\/wp-json\/wp\/v2\/product\/17292","targetHints":{"allow":["GET"]}}],"collection":[{"href":"https:\/\/sprememba.si\/SiSQ-Spirits\/wp-json\/wp\/v2\/product"}],"about":[{"href":"https:\/\/sprememba.si\/SiSQ-Spirits\/wp-json\/wp\/v2\/types\/product"}],"wp:featuredmedia":[{"embeddable":true,"href":"https:\/\/sprememba.si\/SiSQ-Spirits\/wp-json\/wp\/v2\/media\/17296"}],"wp:attachment":[{"href":"https:\/\/sprememba.si\/SiSQ-Spirits\/wp-json\/wp\/v2\/media?parent=17292"}],"wp:term":[{"taxonomy":"pwb-brand","embeddable":true,"href":"https:\/\/sprememba.si\/SiSQ-Spirits\/wp-json\/wp\/v2\/pwb-brand?post=17292"},{"taxonomy":"product_brand","embeddable":true,"href":"https:\/\/sprememba.si\/SiSQ-Spirits\/wp-json\/wp\/v2\/product_brand?post=17292"},{"taxonomy":"product_cat","embeddable":true,"href":"https:\/\/sprememba.si\/SiSQ-Spirits\/wp-json\/wp\/v2\/product_cat?post=17292"},{"taxonomy":"product_tag","embeddable":true,"href":"https:\/\/sprememba.si\/SiSQ-Spirits\/wp-json\/wp\/v2\/product_tag?post=17292"}],"curies":[{"name":"wp","href":"https:\/\/api.w.org\/{rel}","templated":true}]}}