{"id":17314,"date":"2025-09-02T08:10:31","date_gmt":"2025-09-02T06:10:31","guid":{"rendered":"https:\/\/sprememba.si\/SiSQ-Spirits\/?post_type=product&#038;p=17314"},"modified":"2025-12-16T12:13:30","modified_gmt":"2025-12-16T11:13:30","slug":"malvazija-aromatika-sosolic","status":"publish","type":"product","link":"https:\/\/sprememba.si\/SiSQ-Spirits\/trgovina\/malvazija-aromatika-sosolic\/","title":{"rendered":"Malvazija Aromatika Sosoli\u010d"},"content":{"rendered":"<p>Malvazija Aromatika Sosoli\u010d je sve\u017ee suho belo vino s prefinjeno cvetli\u010dno aromo. Grozdje je trgano ro\u010dno in macerirano s celim jagodjem 48 ur. Vino je pridelano v vasi \u0160martno v brdih pri vinarju Sosoli\u010d.<\/p>\n<p>Cvetica je aromati\u010dna, z notami ananasa, bezga, sena, breskve, marelice, tropskega sadja in cvetlic. Okus je eleganten, bogat in so\u010den s prijetno kislino in dolgim pookusom.<\/p>\n<p>Vino se odli\u010dno poda k ribam, morskim sade\u017eem, perutnini, testeninam in ri\u017eotami. Odli\u010den tudi kot aperitiv. Priporo\u010dena temperatura serviranja okoli 10 \u00b0C.<\/p>\n","protected":false},"excerpt":{"rendered":"<p>Vino je izredno aromati\u010dno, polno okusa, elegantno, z aromami eksoti\u010dnega sadja.<\/p>\n<p>RAZPRODAN LETNIK!<\/p>\n","protected":false},"featured_media":17315,"template":"","meta":{"_price":"9.90","_stock":"","_tribe_ticket_header":"","_tribe_default_ticket_provider":"","_tribe_ticket_capacity":"0","_ticket_start_date":"","_ticket_end_date":"","_tribe_ticket_show_description":"","_tribe_ticket_show_not_going":false,"_tribe_ticket_use_global_stock":"","_tribe_ticket_global_stock_level":"","_global_stock_mode":"","_global_stock_cap":"","_tribe_rsvp_for_event":"","_tribe_ticket_going_count":"","_tribe_ticket_not_going_count":"","_tribe_tickets_list":"[]","_tribe_ticket_has_attendee_info_fields":false,"jetpack_post_was_ever_published":false,"_tec_slr_enabled":"","_tec_slr_layout":""},"pwb-brand":[3043],"product_brand":[],"product_cat":[961,955],"product_tag":[],"class_list":{"0":"post-17314","1":"product","2":"type-product","3":"status-publish","4":"has-post-thumbnail","6":"pwb-brand-vina-sosolic","7":"product_cat-belo-vino","8":"product_cat-vino","10":"first","11":"outofstock","12":"featured","13":"shipping-taxable","14":"purchasable","15":"product-type-simple"},"supplier_id":null,"supplier_sku":"","atum_controlled":true,"out_stock_date":null,"out_stock_threshold":null,"inheritable":false,"inbound_stock":null,"stock_on_hold":0,"sold_today":0,"sales_last_days":0,"reserved_stock":null,"customer_returns":null,"warehouse_damage":null,"lost_in_post":null,"other_logs":null,"out_stock_days":0,"lost_sales":0,"has_location":false,"update_date":"2026-04-18T00:16:32","atum_locations":[],"atum_stock_status":"outofstock","restock_status":false,"low_stock_amount":"","sales_update_date":"2026-04-18T00:16:32","calc_backorders":null,"jetpack_sharing_enabled":true,"jetpack_likes_enabled":true,"brands":[{"id":3043,"name":"Vina Sosoli\u010d","slug":"vina-sosolic"}],"_links":{"self":[{"href":"https:\/\/sprememba.si\/SiSQ-Spirits\/wp-json\/wp\/v2\/product\/17314","targetHints":{"allow":["GET"]}}],"collection":[{"href":"https:\/\/sprememba.si\/SiSQ-Spirits\/wp-json\/wp\/v2\/product"}],"about":[{"href":"https:\/\/sprememba.si\/SiSQ-Spirits\/wp-json\/wp\/v2\/types\/product"}],"wp:featuredmedia":[{"embeddable":true,"href":"https:\/\/sprememba.si\/SiSQ-Spirits\/wp-json\/wp\/v2\/media\/17315"}],"wp:attachment":[{"href":"https:\/\/sprememba.si\/SiSQ-Spirits\/wp-json\/wp\/v2\/media?parent=17314"}],"wp:term":[{"taxonomy":"pwb-brand","embeddable":true,"href":"https:\/\/sprememba.si\/SiSQ-Spirits\/wp-json\/wp\/v2\/pwb-brand?post=17314"},{"taxonomy":"product_brand","embeddable":true,"href":"https:\/\/sprememba.si\/SiSQ-Spirits\/wp-json\/wp\/v2\/product_brand?post=17314"},{"taxonomy":"product_cat","embeddable":true,"href":"https:\/\/sprememba.si\/SiSQ-Spirits\/wp-json\/wp\/v2\/product_cat?post=17314"},{"taxonomy":"product_tag","embeddable":true,"href":"https:\/\/sprememba.si\/SiSQ-Spirits\/wp-json\/wp\/v2\/product_tag?post=17314"}],"curies":[{"name":"wp","href":"https:\/\/api.w.org\/{rel}","templated":true}]}}