{"id":17354,"date":"2025-10-29T08:56:53","date_gmt":"2025-10-29T07:56:53","guid":{"rendered":"https:\/\/sprememba.si\/SiSQ-Spirits\/?post_type=product&#038;p=17354"},"modified":"2025-10-30T10:08:44","modified_gmt":"2025-10-30T09:08:44","slug":"prus-modra-frankinja","status":"publish","type":"product","link":"https:\/\/sprememba.si\/SiSQ-Spirits\/trgovina\/prus-modra-frankinja\/","title":{"rendered":"Prus Modra frankinja"},"content":{"rendered":"<p>Prus Modra frankinja je vino, ki zapelje s srednje globoko rubinasto barvo in ne\u017enimi vijoli\u010dnimi odtenki, ki nakazujejo njegovo mladost in \u017eivahnost. V vonju razkrije prefinjeno cvetico z notami zrelih temno rde\u010dih in \u010drnih gozdnih sade\u017eev, ne\u017eno prepletenih z dotikom lesa. \u017de prvi vtis navdu\u0161i s svojo eleganco in harmonijo.<\/p>\n<h4>Okus<\/h4>\n<p>Na okusu je vino suho, polnega telesa in lepo zaokro\u017eeno. \u010cutiti je so\u010dnost zrelega sadja z rahlim pridihom marmeladnosti, ki jo lepo uravnote\u017eijo sve\u017ee kisline. Mehki tanini in dolg, prijetno sadni pookus ustvarijo vtis topline, zrelosti in prefinjenosti.<\/p>\n<p>Vino je eno leto zorelo v ve\u010djih hrastovih sodih, kar mu je dodalo globino, eleganco in harmoni\u010dno strukturo, ne da bi izgubilo svojo pristno sadnost. Rezultat je urejena, zapeljiva modra frankinja, ki v sebi zdru\u017euje mo\u010d, ne\u017enost in zna\u010daj.<\/p>\n<p>Modra frankinja je ponosna avtohtona slovenska sorta, ki v tem vinu za\u017eivi v svoji najlep\u0161i obliki \u2014 sodobna, prepoznavna in pristno slovenska.<\/p>\n","protected":false},"excerpt":{"rendered":"<p>Elegantna, sadna in harmoni\u010dna modra frankinja s prepletom zrelih gozdnih sade\u017eev, ne\u017enim dotikom lesa ter dolgim, \u017eametnim pookusom \u2013 pristno slovensko vino z zna\u010dajem.<\/p>\n","protected":false},"featured_media":17357,"template":"","meta":{"_price":"13.49","_stock":"","_tribe_ticket_header":"","_tribe_default_ticket_provider":"","_tribe_ticket_capacity":"0","_ticket_start_date":"","_ticket_end_date":"","_tribe_ticket_show_description":"","_tribe_ticket_show_not_going":false,"_tribe_ticket_use_global_stock":"","_tribe_ticket_global_stock_level":"","_global_stock_mode":"","_global_stock_cap":"","_tribe_rsvp_for_event":"","_tribe_ticket_going_count":"","_tribe_ticket_not_going_count":"","_tribe_tickets_list":"[]","_tribe_ticket_has_attendee_info_fields":false,"jetpack_post_was_ever_published":false,"_tec_slr_enabled":"","_tec_slr_layout":""},"pwb-brand":[3170],"product_brand":[3172],"product_cat":[187,955],"product_tag":[],"class_list":{"0":"post-17354","1":"product","2":"type-product","3":"status-publish","4":"has-post-thumbnail","6":"pwb-brand-vinska-klet-prus","7":"product_brand-vinska-klet-prus","8":"product_cat-rdece-vino","9":"product_cat-vino","11":"first","12":"instock","13":"shipping-taxable","14":"purchasable","15":"product-type-simple"},"supplier_id":null,"supplier_sku":"","atum_controlled":true,"out_stock_date":null,"out_stock_threshold":null,"inheritable":false,"inbound_stock":null,"stock_on_hold":0,"sold_today":0,"sales_last_days":0,"reserved_stock":null,"customer_returns":null,"warehouse_damage":null,"lost_in_post":null,"other_logs":null,"out_stock_days":0,"lost_sales":0,"has_location":false,"update_date":"2026-04-15T00:12:34","atum_locations":[],"atum_stock_status":"instock","restock_status":false,"low_stock_amount":"","sales_update_date":"2026-04-15T00:12:34","calc_backorders":null,"jetpack_sharing_enabled":true,"jetpack_likes_enabled":true,"brands":[{"id":3170,"name":"Vinska klet Prus","slug":"vinska-klet-prus"}],"_links":{"self":[{"href":"https:\/\/sprememba.si\/SiSQ-Spirits\/wp-json\/wp\/v2\/product\/17354","targetHints":{"allow":["GET"]}}],"collection":[{"href":"https:\/\/sprememba.si\/SiSQ-Spirits\/wp-json\/wp\/v2\/product"}],"about":[{"href":"https:\/\/sprememba.si\/SiSQ-Spirits\/wp-json\/wp\/v2\/types\/product"}],"wp:featuredmedia":[{"embeddable":true,"href":"https:\/\/sprememba.si\/SiSQ-Spirits\/wp-json\/wp\/v2\/media\/17357"}],"wp:attachment":[{"href":"https:\/\/sprememba.si\/SiSQ-Spirits\/wp-json\/wp\/v2\/media?parent=17354"}],"wp:term":[{"taxonomy":"pwb-brand","embeddable":true,"href":"https:\/\/sprememba.si\/SiSQ-Spirits\/wp-json\/wp\/v2\/pwb-brand?post=17354"},{"taxonomy":"product_brand","embeddable":true,"href":"https:\/\/sprememba.si\/SiSQ-Spirits\/wp-json\/wp\/v2\/product_brand?post=17354"},{"taxonomy":"product_cat","embeddable":true,"href":"https:\/\/sprememba.si\/SiSQ-Spirits\/wp-json\/wp\/v2\/product_cat?post=17354"},{"taxonomy":"product_tag","embeddable":true,"href":"https:\/\/sprememba.si\/SiSQ-Spirits\/wp-json\/wp\/v2\/product_tag?post=17354"}],"curies":[{"name":"wp","href":"https:\/\/api.w.org\/{rel}","templated":true}]}}