{"id":345,"date":"2018-01-08T21:09:26","date_gmt":"2018-01-08T20:09:26","guid":{"rendered":"https:\/\/sprememba.si\/SiSQ-Spirits\/?post_type=product&#038;p=345"},"modified":"2025-03-02T20:26:16","modified_gmt":"2025-03-02T19:26:16","slug":"oranzno-vino-zorz-sivi-pinot","status":"publish","type":"product","link":"https:\/\/sprememba.si\/SiSQ-Spirits\/trgovina\/oranzno-vino-zorz-sivi-pinot\/","title":{"rendered":"\u017dorz Sivi Pinot"},"content":{"rendered":"<p>\u017dor\u017e Sivi pinot ima 7 dni hladne maceracije in nato 12 mesecev zorenja v hrastovem sodu.<\/p>\n<p>Vino dopolnjuje raznovrstne ri\u017eote z zelenjavo, meso zajca ali goske in ribje jedi npr. morski list, odli\u010dno pa se poda tudi k doma\u010dim slovenskim jedem kot so ocvirki in klobase.<\/p>\n","protected":false},"excerpt":{"rendered":"<p>Priljubljen nov trend postavlja to vino med oran\u017eno vino,\u00a0a je ta stil \u017ee dolgoletna tradicija v Vipavski dolini.<\/p>\n<p>Vino ne\u017ene roza- oran\u017ene barve z jantarnimi odtenki. Vino je zelo aromati\u010dno s prijetno sadno aromo, med katero izstopa suha sliva, suha hru\u0161ka in grenivka. Na okus je vino elegantno, polnega telesa, zaklju\u010dek pa spremlja svilnata nota citrusov.<\/p>\n","protected":false},"featured_media":737,"template":"","meta":{"_price":"15","_stock":"","_tribe_ticket_header":"","_tribe_default_ticket_provider":"","_tribe_ticket_capacity":"3","_ticket_start_date":"","_ticket_end_date":"","_tribe_ticket_show_description":"","_tribe_ticket_show_not_going":false,"_tribe_ticket_use_global_stock":"","_tribe_ticket_global_stock_level":"","_global_stock_mode":"","_global_stock_cap":"","_tribe_rsvp_for_event":"","_tribe_ticket_going_count":"","_tribe_ticket_not_going_count":"","_tribe_tickets_list":"[]","_tribe_ticket_has_attendee_info_fields":false,"jetpack_post_was_ever_published":false,"_tec_slr_enabled":"","_tec_slr_layout":""},"pwb-brand":[297],"product_brand":[],"product_cat":[308],"product_tag":[1332,1302,632],"class_list":{"0":"post-345","1":"product","2":"type-product","3":"status-publish","4":"has-post-thumbnail","6":"pwb-brand-vino-zorz-1696","7":"product_cat-oranzno-vino","8":"product_tag-sivi-pinot","9":"product_tag-vipavska-dolina","10":"product_tag-zorz","12":"first","13":"outofstock","14":"featured","15":"shipping-taxable","16":"purchasable","17":"product-type-simple"},"supplier_id":null,"supplier_sku":"","atum_controlled":true,"out_stock_date":null,"out_stock_threshold":null,"inheritable":false,"inbound_stock":null,"stock_on_hold":0,"sold_today":0,"sales_last_days":0,"reserved_stock":null,"customer_returns":null,"warehouse_damage":null,"lost_in_post":null,"other_logs":null,"out_stock_days":0,"lost_sales":0,"has_location":null,"update_date":"2026-04-23T00:33:35","atum_locations":[],"atum_stock_status":"outofstock","restock_status":false,"low_stock_amount":"","sales_update_date":"2026-04-23T00:33:35","calc_backorders":null,"jetpack_sharing_enabled":true,"jetpack_likes_enabled":true,"brands":[{"id":297,"name":"Vino \u017dor\u017e 1696","slug":"vino-zorz-1696"}],"_links":{"self":[{"href":"https:\/\/sprememba.si\/SiSQ-Spirits\/wp-json\/wp\/v2\/product\/345","targetHints":{"allow":["GET"]}}],"collection":[{"href":"https:\/\/sprememba.si\/SiSQ-Spirits\/wp-json\/wp\/v2\/product"}],"about":[{"href":"https:\/\/sprememba.si\/SiSQ-Spirits\/wp-json\/wp\/v2\/types\/product"}],"wp:featuredmedia":[{"embeddable":true,"href":"https:\/\/sprememba.si\/SiSQ-Spirits\/wp-json\/wp\/v2\/media\/737"}],"wp:attachment":[{"href":"https:\/\/sprememba.si\/SiSQ-Spirits\/wp-json\/wp\/v2\/media?parent=345"}],"wp:term":[{"taxonomy":"pwb-brand","embeddable":true,"href":"https:\/\/sprememba.si\/SiSQ-Spirits\/wp-json\/wp\/v2\/pwb-brand?post=345"},{"taxonomy":"product_brand","embeddable":true,"href":"https:\/\/sprememba.si\/SiSQ-Spirits\/wp-json\/wp\/v2\/product_brand?post=345"},{"taxonomy":"product_cat","embeddable":true,"href":"https:\/\/sprememba.si\/SiSQ-Spirits\/wp-json\/wp\/v2\/product_cat?post=345"},{"taxonomy":"product_tag","embeddable":true,"href":"https:\/\/sprememba.si\/SiSQ-Spirits\/wp-json\/wp\/v2\/product_tag?post=345"}],"curies":[{"name":"wp","href":"https:\/\/api.w.org\/{rel}","templated":true}]}}