{"id":461,"date":"2020-04-25T08:11:32","date_gmt":"2020-04-25T06:11:32","guid":{"rendered":"https:\/\/sprememba.si\/SiSQ-Spirits\/?post_type=product&#038;p=461"},"modified":"2024-12-26T11:24:51","modified_gmt":"2024-12-26T10:24:51","slug":"roby-marton-gin-premium","status":"publish","type":"product","link":"https:\/\/sprememba.si\/SiSQ-Spirits\/trgovina\/roby-marton-gin-premium\/","title":{"rendered":"Roby Marton Gin Premium Dry"},"content":{"rendered":"<p>Roby Marton gin je italijanski Premium Dry Gin. Gin se proizvaja z \u017eitnim alkoholom in izvirsko vodo ter ima dvojno destilacijo. Na za\u010detku se uporabi alembic, nato se kon\u010da z najstarej\u0161o metodo &#8211; hladno infuzijo; destilirani bazi brina in \u017eit se dodajo zeli\u0161\u010da kot so nageljnove \u017ebice, lupina citrusov, cimet, likorijo, roza poper, jane\u017e, rde\u010de sadje, rde\u010di in \u010drn poper in ingver (skupaj 11 rastlin). Namo\u010deno ostane 10 dni, da se prenesejo vse arome in okusi.<br \/>\nVse leto glavni destilar Roby Marton, angle\u017e, ki se je ustalil v Italiji, zbira skrbno za\u010dimbe in zeli\u0161\u010da, tam, kjer meni, da najbolje uspevajo v Mediteranu.<\/p>\n<p>\u0160e nekaj je zna\u010dilno za ta gin &#8211; njegova rahlo motna barva. Ni \u010di\u0161\u010denja in filtriranja, le rahla mikrofiltracija, ki izdelku pusti naravne lastnosti. Zato je tako odli\u010dnega vonja in okusa. Gin je odli\u010dna kombinacija angle\u0161ke tradicije gina in mediteranskega vpliva okusov.<\/p>\n<p>Roby Marton ni samo ime gina, ampak je tudi ime njegovega ustvarjalca Roby (Roberto) Marton, ki je iz Bene\u010dije.<\/p>\n<p>&nbsp;<\/p>\n<p>Roby Marton Premium Gin je najbolje postre\u010di z ledom, ko\u0161\u010dkom sladkega korena, ko\u0161\u010dkom ingverja in rde\u010dim poprom.<\/p>\n<p>&nbsp;<\/p>\n","protected":false},"excerpt":{"rendered":"<p>Italijanski Premium Dry Gin. Izdelan je ro\u010dno &#8211; pravi craft gin. V<span data-offset-key=\"7m8id-0-0\">rhunski gin kot kombinacija angle\u0161ke tradicije in mediteranskega privdiha.<\/span><\/p>\n","protected":false},"featured_media":462,"template":"","meta":{"_price":"46.49","_stock":"","_tribe_ticket_header":"","_tribe_default_ticket_provider":"","_tribe_ticket_capacity":"2","_ticket_start_date":"","_ticket_end_date":"","_tribe_ticket_show_description":"","_tribe_ticket_show_not_going":false,"_tribe_ticket_use_global_stock":"","_tribe_ticket_global_stock_level":"","_global_stock_mode":"","_global_stock_cap":"","_tribe_rsvp_for_event":"","_tribe_ticket_going_count":"","_tribe_ticket_not_going_count":"","_tribe_tickets_list":"[]","_tribe_ticket_has_attendee_info_fields":false,"jetpack_post_was_ever_published":false,"_tec_slr_enabled":"","_tec_slr_layout":""},"pwb-brand":[381],"product_brand":[],"product_cat":[1620,865,1216],"product_tag":[],"class_list":{"0":"post-461","1":"product","2":"type-product","3":"status-publish","4":"has-post-thumbnail","6":"pwb-brand-destilarna-roby-marton","7":"product_cat-destilati","8":"product_cat-gin","9":"product_cat-tuj-gin","11":"first","12":"outofstock","13":"sale","14":"shipping-taxable","15":"purchasable","16":"product-type-simple"},"supplier_id":null,"supplier_sku":"","atum_controlled":true,"out_stock_date":null,"out_stock_threshold":null,"inheritable":false,"inbound_stock":0,"stock_on_hold":0,"sold_today":0,"sales_last_days":0,"reserved_stock":0,"customer_returns":0,"warehouse_damage":0,"lost_in_post":0,"other_logs":0,"out_stock_days":0,"lost_sales":0,"has_location":false,"update_date":"2026-05-06T01:54:11","atum_locations":[],"atum_stock_status":"outofstock","restock_status":false,"low_stock_amount":"","sales_update_date":"2026-05-06T01:54:11","calc_backorders":null,"jetpack_sharing_enabled":true,"jetpack_likes_enabled":true,"brands":[{"id":381,"name":"Destilarna Roby Marton","slug":"destilarna-roby-marton"}],"_links":{"self":[{"href":"https:\/\/sprememba.si\/SiSQ-Spirits\/wp-json\/wp\/v2\/product\/461","targetHints":{"allow":["GET"]}}],"collection":[{"href":"https:\/\/sprememba.si\/SiSQ-Spirits\/wp-json\/wp\/v2\/product"}],"about":[{"href":"https:\/\/sprememba.si\/SiSQ-Spirits\/wp-json\/wp\/v2\/types\/product"}],"wp:featuredmedia":[{"embeddable":true,"href":"https:\/\/sprememba.si\/SiSQ-Spirits\/wp-json\/wp\/v2\/media\/462"}],"wp:attachment":[{"href":"https:\/\/sprememba.si\/SiSQ-Spirits\/wp-json\/wp\/v2\/media?parent=461"}],"wp:term":[{"taxonomy":"pwb-brand","embeddable":true,"href":"https:\/\/sprememba.si\/SiSQ-Spirits\/wp-json\/wp\/v2\/pwb-brand?post=461"},{"taxonomy":"product_brand","embeddable":true,"href":"https:\/\/sprememba.si\/SiSQ-Spirits\/wp-json\/wp\/v2\/product_brand?post=461"},{"taxonomy":"product_cat","embeddable":true,"href":"https:\/\/sprememba.si\/SiSQ-Spirits\/wp-json\/wp\/v2\/product_cat?post=461"},{"taxonomy":"product_tag","embeddable":true,"href":"https:\/\/sprememba.si\/SiSQ-Spirits\/wp-json\/wp\/v2\/product_tag?post=461"}],"curies":[{"name":"wp","href":"https:\/\/api.w.org\/{rel}","templated":true}]}}